{"id":22,"date":"2024-11-20T11:29:08","date_gmt":"2024-11-20T10:29:08","guid":{"rendered":"https:\/\/wp.laas.fr\/taf\/?page_id=22"},"modified":"2024-11-20T13:36:58","modified_gmt":"2024-11-20T12:36:58","slug":"contacts","status":"publish","type":"page","link":"https:\/\/wp.laas.fr\/taf\/contacts\/","title":{"rendered":"Contacts"},"content":{"rendered":"\n<p><strong>Current Team :&nbsp;<\/strong><br><br><a href=\"http:\/\/homepages.laas.fr\/guiochet\">J\u00e9r\u00e9mie GUIOCHET<\/a>, LAAS-CNRS<br><a href=\"http:\/\/homepages.laas.fr\/waeselyn\/\">H\u00e9l\u00e8ne WAESELYNCK<\/a>, LAAS-CNRS<br><a href=\"https:\/\/homepages.laas.fr\/vbouziat\/\">Valentin BOUZIAT<\/a>, LAAS-CNRS<br>Luca SARTORI, LAAS-CNRS<\/p>\n\n\n\n<p><strong>Former participants:<\/strong><\/p>\n\n\n\n<p><a href=\"http:\/\/homepages.laas.fr\/crobert\">Cl\u00e9ment Robert<\/a><br>Thierry SOTIROPOULOS<br>F\u00e9lix INGRAND, LAAS-CNRS<\/p>\n","protected":false},"excerpt":{"rendered":"<p>Current Team :&nbsp; J\u00e9r\u00e9mie GUIOCHET, LAAS-CNRSH\u00e9l\u00e8ne WAESELYNCK, LAAS-CNRSValentin BOUZIAT, LAAS-CNRSLuca SARTORI, LAAS-CNRS Former participants: Cl\u00e9ment RobertThierry SOTIROPOULOSF\u00e9lix INGRAND, LAAS-CNRS<\/p>\n","protected":false},"author":53,"featured_media":0,"parent":0,"menu_order":0,"comment_status":"closed","ping_status":"closed","template":"","meta":{"footnotes":""},"class_list":["post-22","page","type-page","status-publish","hentry","post"],"_links":{"self":[{"href":"https:\/\/wp.laas.fr\/taf\/wp-json\/wp\/v2\/pages\/22","targetHints":{"allow":["GET"]}}],"collection":[{"href":"https:\/\/wp.laas.fr\/taf\/wp-json\/wp\/v2\/pages"}],"about":[{"href":"https:\/\/wp.laas.fr\/taf\/wp-json\/wp\/v2\/types\/page"}],"author":[{"embeddable":true,"href":"https:\/\/wp.laas.fr\/taf\/wp-json\/wp\/v2\/users\/53"}],"replies":[{"embeddable":true,"href":"https:\/\/wp.laas.fr\/taf\/wp-json\/wp\/v2\/comments?post=22"}],"version-history":[{"count":1,"href":"https:\/\/wp.laas.fr\/taf\/wp-json\/wp\/v2\/pages\/22\/revisions"}],"predecessor-version":[{"id":23,"href":"https:\/\/wp.laas.fr\/taf\/wp-json\/wp\/v2\/pages\/22\/revisions\/23"}],"wp:attachment":[{"href":"https:\/\/wp.laas.fr\/taf\/wp-json\/wp\/v2\/media?parent=22"}],"curies":[{"name":"wp","href":"https:\/\/api.w.org\/{rel}","templated":true}]}}