{"id":34,"date":"2025-03-04T13:44:53","date_gmt":"2025-03-04T12:44:53","guid":{"rendered":"https:\/\/wp.laas.fr\/smof\/mentions-legales\/"},"modified":"2025-03-04T13:44:53","modified_gmt":"2025-03-04T12:44:53","slug":"mentions-legales","status":"publish","type":"page","link":"https:\/\/wp.laas.fr\/smof\/mentions-legales\/","title":{"rendered":"Mentions L\u00e9gales"},"content":{"rendered":"    <h2>Informations sur l'organisation<\/h2>\n    <p><strong>Nom de l'organisation :<\/strong> CNRS-LAAS<\/p>\n    <p><strong>Email :<\/strong> prenom.nom@laas.fr<\/p>\n    <p><strong>Adresse :<\/strong> adresse<\/p>\n    <p><strong>T\u00e9l\u00e9phone :<\/strong> T\u00e9l\u00e9phone non renseign\u00e9<\/p>\n\n    <h2>CNRS - Centre national de la recherche scientifique<\/h2>\n    <p>3, rue Michel-Ange<\/p>\n    <p>75794 Paris cedex 16 - France<\/p>\n    <p>T\u00e9l\u00e9phone : +33 1 44 96 40 00<\/p>\n    <p>Directeur de la publication : Antoine Petit (Pr\u00e9sident-Directeur G\u00e9n\u00e9ral du CNRS)<\/p>\n    <p>Directeur de la r\u00e9daction : Mohamed Ka\u00e2niche (Directeur du LAAS-CNRS)<\/p>\n    <p>Responsable \u00e9ditorial : Marie-Laure Pierucci (Responsable du service communication)<\/p>\n     <h2>H\u00e9bergeur Web<\/h2>\n    <p>CNRS - LAAS<br>\n    7 avenue du Colonel Roche 31031<br>\n    Toulouse Cedex 4 \u2013 France<br>\n    T\u00e9l. : +33 5 61 33 62 00<\/p>\n\n    <h2>Cookies<\/h2>\n    <p>Ce site n\u2019utilise aucun syst\u00e8me de cookie en dehors des cookies techniques.<\/p>\n\n    <h2>Donn\u00e9es personnelles<\/h2>\n    <p>Les informations sur la protection des donn\u00e9es personnelles figurent \u00e0 la page <a href=\"https:\/\/www.laas.fr\/fr\/mentions\/donnees-perso\/\">Donn\u00e9es personnelles<\/a>.<\/p>\n    <p>Les informations sur la protection des donn\u00e9es personnelles dans le cadre de la recherche scientifique figurent \u00e0 la page <a hbef=\"https:\/\/www.laas.fr\/fr\/mentions\/donnees-perso-recherche\/\">Donn\u00e9s personnelles dans le cadre de projets de recherche<\/a>.<\/p>\n    <h2>Accessibilit\u00e9<\/h2>\n    <p>Le CNRS s\u2019engage \u00e0 rendre son Site accessible conform\u00e9ment \u00e0 l\u2019art. 47 de la loi n\u00b0 2005-102 du 11 f\u00e9vrier 2005 pour l'\u00e9galit\u00e9 des droits et des chances, la participation et la citoyennet\u00e9 des personnes handicap\u00e9es et au R\u00e9f\u00e9rentiel G\u00e9n\u00e9ral d\u2019Am\u00e9lioration de l\u2019Accessibilit\u00e9 (RGAA).<\/p>\n    <p>D\u00e9claration \u00e9tablie le 20 d\u00e9cembre 2023, mise \u00e0 jour le 20 d\u00e9cembre 2023<\/p>\n    <p>Le CNRS d\u00e9clare que ce Site n\u2019est pas conforme au RGAA.<\/p>\n  \n\n    <h2>Propri\u00e9t\u00e9 intellectuelle<\/h2>\n    <p>Les contenus, les textes, y compris les vid\u00e9os, les marques, les logos et les images qui apparaissent ou sont disponibles sur le Site, sont prot\u00e9g\u00e9s par le droit de la propri\u00e9t\u00e9 intellectuelle. \u00c0 ce titre, vous vous engagez \u00e0 ne pas utiliser, extraire, copier, traduire, reproduire, vendre, publier, exploiter et diffuser des contenus du Site prot\u00e9g\u00e9s par le droit de la propri\u00e9t\u00e9 intellectuelle, sans autorisation pr\u00e9alable et \u00e9crite du CNRS. Le sigle \u00ab CNRS \u00bb, la mention \u00ab Centre National de la Recherche Scientifique \u00bb et le logo du CNRS sont d\u00e9pos\u00e9s \u00e0 titre de marque. Dans ce cadre, il est interdit de faire r\u00e9f\u00e9rence aux d\u00e9nominations sociales ou aux marques du CNRS, \u00e0 quelque fin que ce soit, sans autorisation pr\u00e9alable, expresse et \u00e9crite du CNRS..<\/p>\n    <p>Dans le m\u00eame sens, il est interdit d\u2019utiliser le nom ou le logo d\u2019un Laboratoire sans l\u2019autorisation pr\u00e9alable et \u00e9crite des cotutelles de ce Laboratoire.<\/p>\n\n    <h2>Liens hypertextes<\/h2>\n    <p>La reproduction d\u2019un lien de ce Site vers un site \u00e9dit\u00e9 par un tiers ne constitue en aucun cas une validation de ce site ou de son contenu de la part du CNRS.<\/p>\n    <p>Le CNRS ne saurait \u00eatre tenu responsable des contenus produits sur un site \u00e9dit\u00e9 par un tiers vers lesquels des liens sont \u00e9tablis, ou de toute autre information publi\u00e9e sur ce site, ainsi que des cons\u00e9quences de leur utilisation.<\/p>\n    <p>La mise en place de liens hypertextes par des tiers vers des pages ou des documents diffus\u00e9s sur le site du CNRS est autoris\u00e9e sous r\u00e9serve que les liens ne contreviennent pas aux int\u00e9r\u00eats du CNRS et qu\u2019ils garantissent la possibilit\u00e9 pour l\u2019utilisateur d\u2019identifier l\u2019origine et l\u2019auteur du document. Il est pr\u00e9cis\u00e9 que la mise en place de tels liens hypertextes \u00e0 des fins de promotion commerciale des produits ou services propos\u00e9s par un tiers est interdite.<\/p>\n\n    <h2>Responsabilit\u00e9<\/h2>\n    <p>Le CNRS ne saurait \u00eatre tenu responsable des dommages r\u00e9sultant de l\u2019interpr\u00e9tation ou de l\u2019utilisation des contenus disponibles sur ce Site.<\/p>\n    \n    <h2>Signalement de contenus illicites<\/h2>\n    <p>Si vous estimez qu\u2019un contenu est illicite au sens de l\u2019art. 6-I de la loi n\u00b0 2004-575 du 21 juin 2004 pour la confiance dans l'\u00e9conomie num\u00e9rique, vous pouvez le porter \u00e0 la connaissance de l\u2019h\u00e9bergeur \n     <p>Email : <a href=\"mailto:responsable-communication@laas.fr\">responsable-communication<\/a><\/p>\n\n    <h2>Signalement de fausses informations<\/h2>\n    <p>Si vous estimez que des informations inexactes sont susceptibles de troubler l\u2019ordre public ou d\u2019alt\u00e9rer la sinc\u00e9rit\u00e9 d\u2019un des scrutins \u00e9lectoraux au sens de la loi n\u00b0 2018-1202 du 22 d\u00e9cembre 2018 relative \u00e0 la lutte contre la manipulation de l\u2019information, vous pouvez le porter \u00e0 la connaissance de l\u2019h\u00e9bergeur Service communication.<\/p>\n    \n","protected":false},"excerpt":{"rendered":"","protected":false},"author":1,"featured_media":0,"parent":0,"menu_order":0,"comment_status":"closed","ping_status":"closed","template":"","meta":{"footnotes":""},"class_list":["post-34","page","type-page","status-publish","hentry","post"],"_links":{"self":[{"href":"https:\/\/wp.laas.fr\/smof\/wp-json\/wp\/v2\/pages\/34","targetHints":{"allow":["GET"]}}],"collection":[{"href":"https:\/\/wp.laas.fr\/smof\/wp-json\/wp\/v2\/pages"}],"about":[{"href":"https:\/\/wp.laas.fr\/smof\/wp-json\/wp\/v2\/types\/page"}],"author":[{"embeddable":true,"href":"https:\/\/wp.laas.fr\/smof\/wp-json\/wp\/v2\/users\/1"}],"replies":[{"embeddable":true,"href":"https:\/\/wp.laas.fr\/smof\/wp-json\/wp\/v2\/comments?post=34"}],"version-history":[{"count":0,"href":"https:\/\/wp.laas.fr\/smof\/wp-json\/wp\/v2\/pages\/34\/revisions"}],"wp:attachment":[{"href":"https:\/\/wp.laas.fr\/smof\/wp-json\/wp\/v2\/media?parent=34"}],"curies":[{"name":"wp","href":"https:\/\/api.w.org\/{rel}","templated":true}]}}