{"id":2,"date":"2024-11-27T11:01:06","date_gmt":"2024-11-27T10:01:06","guid":{"rendered":"https:\/\/wp.laas.fr\/proof\/?page_id=2"},"modified":"2024-12-20T14:23:52","modified_gmt":"2024-12-20T13:23:52","slug":"page-d-exemple","status":"publish","type":"page","link":"https:\/\/wp.laas.fr\/proof\/","title":{"rendered":"Page d&rsquo;accueil"},"content":{"rendered":"\n<p><a href=\"https:\/\/sites.laas.fr\/projects\/proof\/proof\">PROOF<\/a><\/p>\n\n\n\n<p>Le projet PROOF signifie : \u00ab&nbsp;<em>Platform of Reliability tOOls for Failure analysis dedicated to wide bandgap devices<\/em>&nbsp;\u00bb. Il est port\u00e9 par le LAAS-CNRS avec pour objectif de mettre en place une plateforme de caract\u00e9risation pour l\u2019\u00e9tude de nouvelles fili\u00e8res de composants pour l\u2019\u00e9lectronique : les composants dits \u00e0 \u00ab grand gap \u00bb.<\/p>\n\n\n\n<p>Cette plateforme concerne la forte demande soci\u00e9tale visant le d\u00e9veloppement des \u00e9nergies renouvelables pour prot\u00e9ger notre environnement (lois Grenelle, H2020, COP21&#8230;). Elle est en tr\u00e8s forte interaction avec non seulement la recherche acad\u00e9mique, mais aussi avec le secteur industriel r\u00e9gional, notamment via les entreprises partenaires (voir onglet \u00ab&nbsp;Au sujet de PROOF&nbsp;\u00bb , sous-onglet \u00ab&nbsp;membres fondateurs&nbsp;\u00bb).<\/p>\n\n\n\n<p>PROOF est structur\u00e9e selon une volont\u00e9 de renforcement des synergies acad\u00e9miques et industrielles dans le domaine de l\u2019analyse et du d\u00e9veloppement des nouvelles fili\u00e8res de composants semi-conducteurs \u00e0 large bande interdite (GaN, SiC, C, &#8230;). La plateforme a pour objectif de caract\u00e9riser, \u00e9tudier voire am\u00e9liorer ces dispositifs qui sont une v\u00e9ritable rupture technologique pour de nombreux secteurs industriels (automobile, t\u00e9l\u00e9communication, a\u00e9ronautique&#8230;) et pour de nombreux domaines applicatifs (conversion d&rsquo;\u00e9nergie, t\u00e9l\u00e9communication, optique&#8230;)<\/p>\n\n\n\n<p>Les objectifs scientifiques de PROOF sont ambitieux :<\/p>\n\n\n\n<p>mener des \u00e9tudes sur de nouveaux composants visant \u00e0 \u00e9valuer les performances\/fiabilit\u00e9 afin d\u2019optimiser les dispositifs par retour technologique.t cr\u00e9er de nouvelles pages pour votre contenu. Amusez-vous bien\u00a0!<\/p>\n\n\n\n<p>mise en place de nouveaux moyens de caract\u00e9risations compl\u00e9mentaires pour comprendre les m\u00e9canismes physiques propres \u00e0 ces nouvelles technologies,<\/p>\n\n\n\n<p><\/p>\n\n\n\n<h2 class=\"wp-block-heading\"><a href=\"https:\/\/sites.laas.fr\/projects\/proof\/new-comit%C3%A9-dorientation-strat%C3%A9gique-du-30-avril-2024\">**NEW** Comit\u00e9 d&rsquo;Orientation strat\u00e9gique du 30 avril 2024<\/a><\/h2>\n\n\n\n<p><strong>Le troisi\u00e8me comit\u00e9 d&rsquo;orientation strat\u00e9gique a eu lieu au LAAS-CNRS le 30 avril 2024<\/strong>.<\/p>\n\n\n\n<figure class=\"wp-block-image\"><img decoding=\"async\" src=\"https:\/\/sites.laas.fr\/projects\/proof\/sites\/sites.laas.fr.projects.proof\/files\/u228\/PROOF_COS30042024_S%C3%A9minaire.jpg\" alt=\"\" \/><\/figure>\n\n\n\n<p>Vous pouvez acc\u00e9der aux pr\u00e9sentations en cliquant sur \u00ab\u00a0Read more\u00a0\u00bb puis sur les lien ci-dessous.<\/p>\n\n\n\n<p>Le programme \u00e9tait le suivant :<\/p>\n\n\n\n<ul class=\"wp-block-list\">\n<li><a href=\"https:\/\/sites.laas.fr\/projects\/proof\/new-comit%C3%A9-dorientation-strat%C3%A9gique-du-30-avril-2024\">Read more about **NEW** Comit\u00e9 d&rsquo;Orientation strat\u00e9gique du 30 avril 2024<\/a><\/li>\n<\/ul>\n\n\n\n<h2 class=\"wp-block-heading\"><a href=\"https:\/\/sites.laas.fr\/projects\/proof\/new-station-sous-pointes-10kv-et-haute-temp%C3%A9rature-sous-vide\">*Station sous pointes 10kV et Haute Temp\u00e9rature sous vide<\/a><\/h2>\n\n\n\n<p>Les performances attendues des composants \u00e0 grand gap n\u00e9cessitent un banc de <img decoding=\"async\" alt=\"\" src=\"https:\/\/sites.laas.fr\/projects\/proof\/sites\/www.laas.fr.projects.proof\/files\/u228\/spec_0.png\">caract\u00e9risation sp\u00e9cifique permettant le test de composants GaN, SiC ou Diamant sur puces nues \u00e0 la fois sous haute tension 10 kV et sous haute temp\u00e9rature. C\u2019est pourquoi une station sous pointes capable de supporter des hautes temp\u00e9ratures et des tensions jusqu\u2019\u00e0 10kV est install\u00e9e au LAAS depuis avril 2023.<\/p>\n\n\n\n<p>Cette station est \u00e9quip\u00e9e de chucks de 4 cm de diam\u00e8tre permettant des mesures avec des temp\u00e9ratures allant de 80K \u00e0 873K. Les mesures se font sous vide (jusqu\u2019\u00e0 10<sup>-6<\/sup> torr) avec 4 micromanipulateurs. Cela permet \u00e0 la fois d&rsquo;isoler thermiquement les diff\u00e9rents \u00e9l\u00e9ments au coeur de l&rsquo;enceinte mais aussi d&rsquo;\u00e9viter les ph\u00e9nom\u00e8nes d&rsquo;arcage dans l&rsquo;air pour les tests sous hautes tensions. Plusieurs passages de c\u00e2bles sont pr\u00e9vus afin de r\u00e9aliser des tests avec des pointes TRIAX, SHV, N, UHT (10kV) et fibre optique.<\/p>\n\n\n\n<figure class=\"wp-block-image\"><img decoding=\"async\" src=\"https:\/\/sites.laas.fr\/projects\/proof\/sites\/www.laas.fr.projects.proof\/files\/u228\/Station%2010kV.jpg\" alt=\"\" \/><\/figure>\n\n\n\n<figure class=\"wp-block-image\"><img decoding=\"async\" src=\"https:\/\/sites.laas.fr\/projects\/proof\/sites\/www.laas.fr.projects.proof\/files\/u228\/Chuck%2010kV.jpg\" alt=\"\" \/><\/figure>\n\n\n\n<ul class=\"wp-block-list\">\n<li><a href=\"https:\/\/sites.laas.fr\/projects\/proof\/new-station-sous-pointes-10kv-et-haute-temp%C3%A9rature-sous-vide\">Read more about **NEW** Station sous pointes 10kV et Haute Temp\u00e9rature sous vide<\/a><\/li>\n<\/ul>\n\n\n\n<h2 class=\"wp-block-heading\"><a href=\"https:\/\/sites.laas.fr\/projects\/proof\/new-journ%C3%A9e-%C3%A9lectronique-de-puissance-le-4-avril-2023-au-laas-cnrs\">Journ\u00e9e \u00e9lectronique de puissance le 4 avril 2023 au LAAS-CNRS<\/a><\/h2>\n\n\n\n<p>L\u2019agence AD\u2019OCC et le LAAS-CNRS ont organis\u00e9 une journ\u00e9e d\u00e9di\u00e9e \u00e0 \u00ab L\u2019Electronique de Puissance &#8211;&nbsp;une belle opportunit\u00e9 en Occitanie&nbsp;\u00bb le Mardi 4 avril au LAAS-CNRS | Toulouse.<\/p>\n\n\n\n<p>Dans le cadre de cette journ\u00e9e, la <strong>plateforme et les \u00e9quipements PROOF ont \u00e9t\u00e9<\/strong><strong> pr\u00e9sent\u00e9s<\/strong> aux visiteurs et ont permis d&rsquo;\u00e9changer sur les composants grands gaps et sur la fa\u00e7on de les caract\u00e9riser.<\/p>\n\n\n\n<p>Programme complet en cliquant sur read more ci-dessous&#8230;<\/p>\n\n\n\n<figure class=\"wp-block-image\"><img decoding=\"async\" src=\"https:\/\/sites.laas.fr\/projects\/proof\/sites\/www.laas.fr.projects.proof\/files\/u228\/Journ%C3%A9e%20Ad%27occ_2023_1.jpg\" alt=\"\" \/><\/figure>\n\n\n\n<figure class=\"wp-block-image\"><img decoding=\"async\" src=\"https:\/\/sites.laas.fr\/projects\/proof\/sites\/www.laas.fr.projects.proof\/files\/u228\/Journ%C3%A9e%20Ad%27occ_2023_3.jpg\" alt=\"\" \/><\/figure>\n\n\n\n<p><a href=\"https:\/\/sites.laas.fr\/projects\/proof\/sites\/www.laas.fr.projects.proof\/files\/u228\/Journ\u00e9e Ad'occ_2023_1.jpg\">&nbsp;&nbsp;<\/a><\/p>\n\n\n\n<ul class=\"wp-block-list\">\n<li><a href=\"https:\/\/sites.laas.fr\/projects\/proof\/new-journ%C3%A9e-%C3%A9lectronique-de-puissance-le-4-avril-2023-au-laas-cnrs\">Read more about **NEW** Journ\u00e9e \u00e9lectronique de puissance le 4 avril 2023 au LAAS-CNRS<\/a><\/li>\n<\/ul>\n\n\n\n<h2 class=\"wp-block-heading\"><a href=\"https:\/\/sites.laas.fr\/projects\/proof\/new-comit%C3%A9-dorientation-strat%C3%A9gique-du-05-octobre-2022\">Comit\u00e9 d&rsquo;Orientation strat\u00e9gique du 05 Octobre 2022<\/a><\/h2>\n\n\n\n<p>Le deuxi\u00e8me comit\u00e9 d&rsquo;orientation strat\u00e9gique s&rsquo;est tenu le mercredi 5 octobre 2022 avec une quarantaine de personnes (repr\u00e9sentant les&nbsp;membres fondateurs, la R\u00e9gion Occitanie et de nombreux invit\u00e9s).<\/p>\n\n\n\n<p>Merci \u00e0 tous pour cette journ\u00e9e riche en \u00e9changes !<\/p>\n\n\n\n<figure class=\"wp-block-image\"><img decoding=\"async\" src=\"https:\/\/sites.laas.fr\/projects\/proof\/sites\/www.laas.fr.projects.proof\/files\/u228\/COS.jpg\" alt=\"\" \/><\/figure>\n\n\n\n<p><em>Les pr\u00e9sentations de la journ\u00e9e sont accessibles en cliquant sur \u00ab\u00a0Read more\u00a0\u00bb ci dessous.<\/em><\/p>\n\n\n\n<ul class=\"wp-block-list\">\n<li><a href=\"https:\/\/sites.laas.fr\/projects\/proof\/new-comit%C3%A9-dorientation-strat%C3%A9gique-du-05-octobre-2022\">Read more about **NEW** Comit\u00e9 d&rsquo;Orientation strat\u00e9gique du 05 Octobre 2022<\/a><\/li>\n<\/ul>\n\n\n\n<h2 class=\"wp-block-heading\"><a href=\"https:\/\/sites.laas.fr\/projects\/proof\/new-banc-de-mesures-iv-et-param%C3%A8tres-s-en-r%C3%A9gime-impulsionnel\">Banc de mesures I(V) et param\u00e8tres [S] en r\u00e9gime impulsionnel<\/a><\/h2>\n\n\n\n<p>La plateforme PROOF a fait l&rsquo;acquisition en Mai 2022 d&rsquo;un nouveau banc de mesures I(V) et param\u00e8tres&nbsp;[S] enr\u00e9gime impulsionnel. Ce banc est compos\u00e9 des \u00e9quipements de chez AMCAD (PIV AM3200 et suite logicielle IVCAD) et de Keysight (PNA-X N5244B 43 GHz). Celui-ci permet de caract\u00e9riser des dispositifs<strong> actifs<\/strong> en <strong>r\u00e9gime impulsionnel<\/strong> directement sur les acc\u00e8s de la puce ou sur v\u00e9hicule de test.<\/p>\n\n\n\n<ul class=\"wp-block-list\">\n<li><a href=\"https:\/\/sites.laas.fr\/projects\/proof\/new-banc-de-mesures-iv-et-param%C3%A8tres-s-en-r%C3%A9gime-impulsionnel\">Read more about **NEW** Banc de mesures I(V) et param\u00e8tres [S] en r\u00e9gime impulsionnel<\/a><\/li>\n<\/ul>\n\n\n\n<h2 class=\"wp-block-heading\"><a href=\"https:\/\/sites.laas.fr\/projects\/proof\/new-proof-dans-un-article-de-presse\">PROOF dans un article de presse<\/a><\/h2>\n\n\n\n<p>La projet PROOF a \u00e9t\u00e9 \u00e9voqu\u00e9&nbsp;dans le&nbsp;magazine \u00ab\u00a0Industries et technologies\u00a0\u00bb n\u00b01053, page 19,&nbsp;dans une sous-tribune ayant pour&nbsp;titre : \u00ab\u00a0Analyser la fiabilit\u00e9 des mat\u00e9riaux des composants grand gap\u00a0\u00bb.&nbsp;<\/p>\n\n\n\n<p>Cette sous-tribune a permis de pr\u00e9senter le principe et les objectifs du projet puis de mettre en avant l&rsquo;originalit\u00e9 du banc de micro-photoluminescence.<\/p>\n\n\n\n<p><strong>R\u00e9f\u00e9rence :<\/strong> Marina Angel, \u00ab\u00a0Analyser la fiabilit\u00e9 des mat\u00e9riaux des composants grand gap\u00a0\u00bb,<em> Industries et technologies<\/em>, n\u00b0 1053, pp. 19, 2022<\/p>\n\n\n\n<ul class=\"wp-block-list\">\n<li><a href=\"https:\/\/sites.laas.fr\/projects\/proof\/new-proof-dans-un-article-de-presse\">Read more about **NEW** PROOF dans un article de presse<\/a><\/li>\n<\/ul>\n\n\n\n<h2 class=\"wp-block-heading\"><a href=\"https:\/\/sites.laas.fr\/projects\/proof\/new-station-sous-pointe-mpi-3kv\">**NEW** Station sous pointe MPI 3kV<\/a><\/h2>\n\n\n\n<figure class=\"wp-block-image\"><img decoding=\"async\" src=\"https:\/\/sites.laas.fr\/projects\/proof\/sites\/www.laas.fr.projects.proof\/files\/u228\/IMG_20220422_150452.jpg\" alt=\"\" \/><\/figure>\n\n\n\n<p>Pour caract\u00e9riser des composants de type \u00ab&nbsp;grands gaps&nbsp;\u00bb, il est n\u00e9cessaire de disposer d\u2019une station sous pointes semi-automatique dite \u00ab de puissance \u00bb capable de supporter des tensions jusqu\u2019\u00e0 3000 Volts. C&rsquo;est pourquoi la station MPI TS2000-DP a \u00e9t\u00e9 achet\u00e9e et est install\u00e9e depuis le 08 avril 2022 au LAAS.<\/p>\n\n\n\n<p>Cette station a plusieurs particularit\u00e9s si on la compare \u00e0 la station sous pointe MPI TS2000-D qui \u00e9tait d\u00e9j\u00e0 pr\u00e9sente au LAAS depuis 2018 (voir <em>Moyens \/ GT1: Fili\u00e8re commutation des composants de puissance<\/em>). En effet, elle permet de supporter des tensions de 3kV mais est aussi \u00e9quip\u00e9e d\u2019un microscope motoris\u00e9 avec cam\u00e9ra num\u00e9rique ainsi que d&rsquo;un micromanipulateur motoris\u00e9. Un panneau permettant de se connecter au testeur param\u00e9trique B1505A de Keysight est \u00e9galement disponible sur cet \u00e9quipement.<\/p>\n\n\n\n<figure class=\"wp-block-image size-full\"><img loading=\"lazy\" decoding=\"async\" width=\"523\" height=\"219\" src=\"https:\/\/wp.laas.fr\/proof\/wp-content\/uploads\/sites\/37\/2024\/12\/image.png\" alt=\"\" class=\"wp-image-20\" srcset=\"https:\/\/wp.laas.fr\/proof\/wp-content\/uploads\/sites\/37\/2024\/12\/image.png 523w, https:\/\/wp.laas.fr\/proof\/wp-content\/uploads\/sites\/37\/2024\/12\/image-300x126.png 300w\" sizes=\"auto, (max-width: 523px) 100vw, 523px\" \/><\/figure>\n\n\n\n<ul class=\"wp-block-list\">\n<li><a href=\"https:\/\/sites.laas.fr\/projects\/proof\/new-station-sous-pointe-mpi-3kv\">Read more about **NEW** Station sous pointe MPI 3kV<\/a><\/li>\n<\/ul>\n\n\n\n<h2 class=\"wp-block-heading\"><a href=\"https:\/\/sites.laas.fr\/projects\/proof\/new-evocation-de-la-plateforme-proof-lors-de-diff%C3%A9rentes-conf%C3%A9rences-r%C3%A9centes\">**NEW** Evocation de la plateforme PROOF lors de diff\u00e9rentes conf\u00e9rences r\u00e9centes<\/a><\/h2>\n\n\n\n<p>Le projet PROOF a \u00e9t\u00e9 \u00e9voqu\u00e9 plusieurs fois lors de conf\u00e9rences en France sur les composants de puissance.<\/p>\n\n\n\n<p><strong>Evocation de la plateforme PROOF durant le workshop PowerGaN de l&rsquo;IRT Nanoelec<\/strong><\/p>\n\n\n\n<figure class=\"wp-block-image\"><img decoding=\"async\" src=\"https:\/\/www.irt-saintexupery.com\/wp-content\/uploads\/PowerGan_IRTSaintExupery.png\" alt=\"S\u00e9minaire PowerGan : vers une fili\u00e8re fran\u00e7aise \u2022 IRT Saint Exup\u00e9ry \u2022  Technological Research Institute\" \/><\/figure>\n\n\n\n<p>Tout d&rsquo;abord, il a \u00e9t\u00e9 cit\u00e9 au workshop PowerGaN du 07 mars 2022, par David Tr\u00e9mouilles. PowerGan est un nouveau programme technologique dans l&rsquo;IRT Nanoelec, vous pouvez consulter le lien suivant pour plus d&rsquo;informations sur ce programme :<a href=\"https:\/\/irtnanoelec.fr\/powergan-vers-une-filiere-francaise\/\"> https:\/\/irtnanoelec.fr\/powergan-vers-une-filiere-francaise\/<\/a><\/p>\n\n\n\n<p>Vous pouvez aussi retrouver la pr\u00e9sentation de David en cliquant sur le lien suivant <a href=\"https:\/\/www.youtube.com\/watch?v=B6MVh28l8_w&amp;t=813s\">https:\/\/www.youtube.com\/watch?v=B6MVh28l8_w&amp;t=813s<\/a> ou en consultant les slides de pr\u00e9sentation : <a href=\"http:\/\/irtnanoelec.fr\/wp-content\/uploads\/2022\/03\/07.03-LAAS-Tremouilles.pdf\">http:\/\/irtnanoelec.fr\/wp-content\/uploads\/2022\/03\/07.03-LAAS-Tremouilles.pdf<\/a><\/p>\n\n\n\n<p>Cette pr\u00e9sentation a notamment permis d&rsquo;expliquer les performances exceptionnelles des HEMT GaN mais aussi de traiter des instabilit\u00e9s dynamiques et des m\u00e9canismes de d\u00e9faillances sp\u00e9cifiques de ces composants.<\/p>\n\n\n\n<p><strong>Evocation de la plateforme PROOF lors des \u00ab\u00a0Journ\u00e9es des Electroniques de Puissance\u00a0\u00bb du GdR \u00ab\u00a0Seeds\u00a0\u00bb<\/strong><\/p>\n\n\n\n<figure class=\"wp-block-image\"><img decoding=\"async\" src=\"https:\/\/journeesdesep.sciencesconf.org\/data\/header\/Image1.png\" alt=\"Journ\u00e9es des Electroniques de Puissance - Sciencesconf.org\" \/><\/figure>\n\n\n\n<p>Ensuite, PROOF a \u00e9t\u00e9 cit\u00e9 lors des \u00ab\u00a0journ\u00e9es des Electroniques de Puissance\u00a0\u00bb des groupements de recherche CNRS les 29 et 30 mars 2022 : <a href=\"https:\/\/journeesdesep.sciencesconf.org\/resource\/page\/id\/1\">https:\/\/journeesdesep.sciencesconf.org\/resource\/page\/id\/1<\/a><\/p>\n\n\n\n<p>Il a \u00e9t\u00e9 notamment question de PROOF lors de la session 6 : \u00ab\u00a0Fiabilit\u00e9 et s\u00fbret\u00e9 de fonctionnement\u00a0\u00bb pr\u00e9sent\u00e9e par Lo\u00efc Theolier et Mounira Bouarroudj. Vous pouvez retrouver cette pr\u00e9sentation en cliquant sur le lien suivant : <a href=\"https:\/\/filesender.renater.fr\/download.php?token=dd604dec-19e4-4a13-8b6f-d584b91c4d81&amp;archive_format=undefined&amp;files_ids=13100088\">https:\/\/filesender.renater.fr\/download.php?token=dd604dec-19e4-4a13-8b6f-d584b91c4d81&amp;archive_format=undefined&amp;files_ids=13100088<\/a><\/p>\n\n\n\n<p>Lors de cette session, certains \u00e9quipements de PROOF ont \u00e9t\u00e9 pr\u00e9sent\u00e9s (diapo 22) pour traiter de la compr\u00e9hension et de l&rsquo;am\u00e9lioration de la robustesse des semi-conducteurs \u00e0 grands gaps en r\u00e9gime extr\u00eame.<\/p>\n\n\n\n<ul class=\"wp-block-list\">\n<li><a href=\"https:\/\/sites.laas.fr\/projects\/proof\/new-evocation-de-la-plateforme-proof-lors-de-diff%C3%A9rentes-conf%C3%A9rences-r%C3%A9centes\">Read more about **NEW** Evocation de la plateforme PROOF lors de diff\u00e9rentes conf\u00e9rences r\u00e9centes<\/a><\/li>\n<\/ul>\n\n\n\n<h2 class=\"wp-block-heading\"><a href=\"https:\/\/sites.laas.fr\/projects\/proof\/new-micro-spectrom%C3%A8tre-uvvisnir\">**NEW** Micro-spectrom\u00e8tre UV\/VIS\/NIR<\/a><\/h2>\n\n\n\n<p>Le micro-spectrom\u00e8tre d\u00e9di\u00e9 aux spectroscopies de photoluminescence et Raman UV\/Vis\/NIR vient d&rsquo;\u00eatre installer. Il permet de r\u00e9aliser des mesures de photoluminescence \u00e0 partir de 212 nm et des mesures Raman \u00e0 325 et 532 nm. Cet \u00e9quipement alli\u00e9 aux lasers Ti:Saphir, HeCd et au cryostat Helium d\u00e9j\u00e0 re\u00e7us permet l&rsquo;identification&nbsp;et la&nbsp;localisation&nbsp;des d\u00e9fauts optiquement actifs dans&nbsp;le GaN, le SiC et le diamant.&nbsp;<\/p>\n\n\n\n<p>Les alignements des diff\u00e9rents faisceaux se poursuivent et le banc devrait \u00eatre totalement op\u00e9rationnel d\u00e9but Mars.&nbsp;<\/p>\n\n\n\n<figure class=\"wp-block-image\"><img decoding=\"async\" src=\"https:\/\/sites.laas.fr\/projects\/proof\/sites\/www.laas.fr.projects.proof\/files\/u226\/20220119_161956_b.jpg\" alt=\"\" \/><\/figure>\n\n\n\n<ul class=\"wp-block-list\">\n<li><a href=\"https:\/\/sites.laas.fr\/projects\/proof\/new-micro-spectrom%C3%A8tre-uvvisnir\">Read more about **NEW** Micro-spectrom\u00e8tre UV\/VIS\/NIR<\/a><\/li>\n<\/ul>\n\n\n\n<p><a href=\"https:\/\/sites.laas.fr\/projects\/proof\/rss.xml\"><\/a><\/p>\n","protected":false},"excerpt":{"rendered":"<p>PROOF Le projet PROOF signifie : \u00ab&nbsp;Platform of Reliability tOOls for Failure analysis dedicated to wide bandgap devices&nbsp;\u00bb. Il est port\u00e9 par le LAAS-CNRS avec pour objectif de mettre en place une plateforme de caract\u00e9risation pour l\u2019\u00e9tude de nouvelles fili\u00e8res de composants pour l\u2019\u00e9lectronique : les composants dits \u00e0 \u00ab grand gap \u00bb. Cette plateforme [&hellip;]<\/p>\n","protected":false},"author":61,"featured_media":0,"parent":0,"menu_order":0,"comment_status":"closed","ping_status":"open","template":"","meta":{"footnotes":""},"class_list":["post-2","page","type-page","status-publish","hentry","post"],"_links":{"self":[{"href":"https:\/\/wp.laas.fr\/proof\/wp-json\/wp\/v2\/pages\/2","targetHints":{"allow":["GET"]}}],"collection":[{"href":"https:\/\/wp.laas.fr\/proof\/wp-json\/wp\/v2\/pages"}],"about":[{"href":"https:\/\/wp.laas.fr\/proof\/wp-json\/wp\/v2\/types\/page"}],"author":[{"embeddable":true,"href":"https:\/\/wp.laas.fr\/proof\/wp-json\/wp\/v2\/users\/61"}],"replies":[{"embeddable":true,"href":"https:\/\/wp.laas.fr\/proof\/wp-json\/wp\/v2\/comments?post=2"}],"version-history":[{"count":1,"href":"https:\/\/wp.laas.fr\/proof\/wp-json\/wp\/v2\/pages\/2\/revisions"}],"predecessor-version":[{"id":22,"href":"https:\/\/wp.laas.fr\/proof\/wp-json\/wp\/v2\/pages\/2\/revisions\/22"}],"wp:attachment":[{"href":"https:\/\/wp.laas.fr\/proof\/wp-json\/wp\/v2\/media?parent=2"}],"curies":[{"name":"wp","href":"https:\/\/api.w.org\/{rel}","templated":true}]}}