{"id":464,"date":"2025-07-09T09:08:12","date_gmt":"2025-07-09T07:08:12","guid":{"rendered":"https:\/\/wp.laas.fr\/ipatro\/?page_id=464"},"modified":"2026-04-15T08:47:24","modified_gmt":"2026-04-15T06:47:24","slug":"ihm-2025","status":"publish","type":"page","link":"https:\/\/wp.laas.fr\/ipatro\/workshops\/ihm-2025\/","title":{"rendered":"IHM 2025"},"content":{"rendered":"\n<div style=\"height:15px\" aria-hidden=\"true\" class=\"wp-block-spacer\"><\/div>\n\n\n\n<h2 class=\"wp-block-heading has-text-align-center\"><strong>Workshop IPaTRo : \u00ab\u00a0Innovations et enjeux de la robotique de t\u00e9l\u00e9pr\u00e9sence francophone\u00a0\u00bb<\/strong><\/h2>\n\n\n\n<p class=\"has-text-align-center\">Le <strong>4 Novembre 2025<\/strong>, \u00e0 <strong>La Cit\u00e9<\/strong> 31400 Toulouse<\/p>\n\n\n\n<div style=\"height:40px\" aria-hidden=\"true\" class=\"wp-block-spacer\"><\/div>\n\n\n\n<h1 class=\"wp-block-heading\">Objectifs de l&rsquo;atelier<\/h1>\n\n\n\n<p>Cet atelier, qui aura lieu pendant la<em> 36\u00e8me<\/em> <em>Conf\u00e9rence Internationale Francophone sur l&rsquo;Interaction Humain-Machine<\/em>, a pour objectif de cr\u00e9er et d\u2019animer un r\u00e9seau francophone autour de la robotique de t\u00e9l\u00e9pr\u00e9sence. <\/p>\n\n\n\n<p>Nous souhaitons favoriser les \u00e9changes et la collaboration entre chercheurs, doctorants, industriels et acteurs aux expertises vari\u00e9es (psychologie, sociologie, informatique, philosophie, robotique, \u00e9ducation, etc.). <\/p>\n\n\n\n<p>Il s\u2019agit, dans un premier temps, de partager les exp\u00e9riences et projets de chacun et chacune pour obtenir une vision globale des diff\u00e9rentes approches m\u00e9thodologiques, des contextes d\u2019utilisation et des premiers r\u00e9sultats li\u00e9s \u00e0 la robotique de t\u00e9l\u00e9pr\u00e9sence en France. Ensuite, un temps d\u2019ateliers collaboratifs permettra d\u2019identifier, de d\u00e9battre et d\u2019approfondir des questions li\u00e9es \u00e0 la connectivit\u00e9, \u00e0 l\u2019IHM, au sentiment de pr\u00e9sence ou encore \u00e0 l\u2019importance du contexte d\u2019usage et de d\u00e9ploiement de ces technologies.<\/p>\n\n\n\n<div style=\"height:15px\" aria-hidden=\"true\" class=\"wp-block-spacer\"><\/div>\n\n\n\n<h1 class=\"wp-block-heading\">Programme de la journ\u00e9e<\/h1>\n\n\n\n<p><strong>9h : <\/strong>Accueil<\/p>\n\n\n\n<p><strong>9h15<\/strong> : Pr\u00e9sentation du projet IPATRO<\/p>\n\n\n\n<p><strong>9h30-10h30<\/strong>\u00a0: Ice breaker, l\u2019invit\u00e9 sp\u00e9cial<\/p>\n\n\n\n<p><em>Chaque participant formule une ou plusieurs questions li\u00e9es \u00e0 la th\u00e9matique de l\u2019atelier, puis rejoint une \u00e9quipe de quatre personnes. Tour \u00e0 tour, chaque membre de l\u2019\u00e9quipe devient l\u2019\u00abinvit\u00e9 sp\u00e9cial\u00bb d\u2019un autre groupe qui, pendant quelques minutes, lui pose leurs questions. \u00c0 la fin de ces tours, chacun aura pu \u00e0 la fois s\u2019exprimer et d\u00e9couvrir les motivations et exp\u00e9riences des autres.<\/em><\/p>\n\n\n\n<p><strong>10h30 \u2013 11h00&nbsp;: Pause<\/strong><\/p>\n\n\n\n<p><strong>11h<\/strong>\u00a0: RetEx (20mn + 10mn de questions par intervenant)<\/p>\n\n\n\n<ul class=\"wp-block-list\">\n<li><em>Intervenant 1&nbsp;: <strong>Remi Izoulet<\/strong><\/em><\/li>\n<\/ul>\n\n\n\n<div class=\"wp-block-group\"><div class=\"wp-block-group__inner-container is-layout-constrained wp-block-group-is-layout-constrained\">\n<div class=\"wp-block-columns is-layout-flex wp-container-core-columns-is-layout-9d6595d7 wp-block-columns-is-layout-flex\">\n<div class=\"wp-block-column is-layout-flow wp-block-column-is-layout-flow\" style=\"flex-basis:33.33%\"><div class=\"wp-block-image\">\n<figure class=\"alignleft size-full is-resized\"><img loading=\"lazy\" decoding=\"async\" width=\"541\" height=\"699\" src=\"https:\/\/wp.laas.fr\/ipatro\/wp-content\/uploads\/sites\/43\/2025\/09\/Izoulet_Photo-1-3.png\" alt=\"\" class=\"wp-image-491\" style=\"width:198px;height:auto\" srcset=\"https:\/\/wp.laas.fr\/ipatro\/wp-content\/uploads\/sites\/43\/2025\/09\/Izoulet_Photo-1-3.png 541w, https:\/\/wp.laas.fr\/ipatro\/wp-content\/uploads\/sites\/43\/2025\/09\/Izoulet_Photo-1-3-232x300.png 232w\" sizes=\"auto, (max-width: 541px) 100vw, 541px\" \/><\/figure>\n<\/div><\/div>\n\n\n\n<div class=\"wp-block-column is-layout-flow wp-block-column-is-layout-flow\" style=\"flex-basis:66.66%\">\n<p>R\u00e9mi Izoulet est infirmier en pratique avanc\u00e9e au sein de l\u2019\u00e9quipe mobile de psychiatrie de l\u2019H\u00f4pital des Enfants (CHU de Toulouse) et coordinateur du cursus Infirmier en pratique avanc\u00e9e mention Psychiatrie et sant\u00e9 mentale \u00e0 l\u2019Universit\u00e9 Toulouse III. Membre de la f\u00e9d\u00e9ration r\u00e9gionale de recherche en psychiatrie d\u2019Occitanie, il d\u00e9veloppe une expertise sur les enjeux psychopathologiques li\u00e9s aux parcours p\u00e9diatriques et \u00e0 la parentalit\u00e9 en contexte de maladie. Son activit\u00e9 conjugue soins, recherche et formation. Il m\u00e8ne actuellement une \u00e9tude observationnelle sur l\u2019usage d\u2019un robot de t\u00e9l\u00e9pr\u00e9sence aupr\u00e8s d\u2019enfants en isolement prolong\u00e9 en h\u00e9mato-oncologie.<\/p>\n<\/div>\n<\/div>\n<\/div><\/div>\n\n\n\n<ul class=\"wp-block-list\">\n<li><em>Intervenant 2&nbsp;: <strong>Laurent Gallon<\/strong><\/em><\/li>\n<\/ul>\n\n\n\n<div class=\"wp-block-columns is-layout-flex wp-container-core-columns-is-layout-9d6595d7 wp-block-columns-is-layout-flex\">\n<div class=\"wp-block-column is-layout-flow wp-block-column-is-layout-flow\" style=\"flex-basis:33.33%\">\n<figure class=\"wp-block-image size-full\"><img loading=\"lazy\" decoding=\"async\" width=\"202\" height=\"268\" src=\"https:\/\/wp.laas.fr\/ipatro\/wp-content\/uploads\/sites\/43\/2025\/09\/photo-LG-new-1.png\" alt=\"\" class=\"wp-image-489\" \/><\/figure>\n<\/div>\n\n\n\n<div class=\"wp-block-column is-layout-flow wp-block-column-is-layout-flow\" style=\"flex-basis:66.66%\">\n<p>Laurent Gallon a obtenu sa th\u00e8se en 1997 au LAAS-CNRS. Depuis 1998, il est ma\u00eetre de conf\u00e9rences en informatique au laboratoire LIUPPA de l&rsquo;Universit\u00e9 de Pau et des Pays de l&rsquo;Adour. Ses recherches portent sur la mod\u00e9lisation et l&rsquo;\u00e9valuation quantitative de la s\u00e9curit\u00e9 des syst\u00e8mes, ainsi que sur l&rsquo;\u00e9ducation du futur (education 4.0). Il s&rsquo;int\u00e9resse \u00e0 la robotique de t\u00e9l\u00e9pr\u00e9sence depuis 1996, et a particip\u00e9 et port\u00e9 plusieurs projets sur le sujet, dont le projet fran\u00e7ais Telescol (2021-2024) dont l&rsquo;objectif \u00e9tait de faire le suivi et l&rsquo;\u00e9valuation le d\u00e9ploiement de 4000 robots de t\u00e9l\u00e9pr\u00e9sence dans les \u00e9tablissements scolaires fran\u00e7ais.<\/p>\n<\/div>\n<\/div>\n\n\n\n<p><\/p>\n\n\n\n<p><\/p>\n\n\n\n<p><strong>12h<\/strong>&nbsp;: D\u00e9finition commune des probl\u00e9matiques qui seront d\u00e9battues l\u2019apr\u00e8s-midi<\/p>\n\n\n\n<p><strong>12h30 \u2013 14h<\/strong>&nbsp;<strong>: Repas<\/strong><\/p>\n\n\n\n<p><strong>14h<\/strong>&nbsp;: World caf\u00e9<\/p>\n\n\n\n<p><em>Les participants, r\u00e9partis en \u00e9quipes pluridisciplinaires, se d\u00e9placeront de table en table pour d\u00e9battre des probl\u00e9matiques choisies pr\u00e9c\u00e9demment. Chacun pourra ainsi contribuer \u00e0 l\u2019ensemble des \u00e9changes et enrichir les r\u00e9flexions.<\/em><\/p>\n\n\n\n<p><strong>15h30 \u2013 16h<\/strong>&nbsp;<strong>: Pause<\/strong><\/p>\n\n\n\n<p><strong>16h <\/strong>: Synth\u00e8se commune du World caf\u00e9<\/p>\n\n\n\n<p><strong>16h30&nbsp;: <\/strong>Conclusion de la journ\u00e9e<\/p>\n\n\n\n<p><em>Discussion sur les suites \u00e0 donner \u00e0 cet atelier, comme la cr\u00e9ation d\u2019un lieu d\u2019\u00e9change et de partage.<\/em><\/p>\n\n\n\n<p><strong>17h30&nbsp;: Fin du Workshop<\/strong><\/p>\n\n\n\n<div style=\"height:15px\" aria-hidden=\"true\" class=\"wp-block-spacer\"><\/div>\n\n\n\n<h1 class=\"wp-block-heading\">Pr\u00e9requis<\/h1>\n\n\n\n<p>Avoir travaill\u00e9 avec un syst\u00e8me robotique de t\u00e9l\u00e9pr\u00e9sence ou \u00eatre int\u00e9ress\u00e9 par la th\u00e9matique.<\/p>\n\n\n\n<div style=\"height:15px\" aria-hidden=\"true\" class=\"wp-block-spacer\"><\/div>\n\n\n\n<h1 class=\"wp-block-heading\">Participer<\/h1>\n\n\n\n<p>Pour s&rsquo;inscrire \u00e0 l&rsquo;atelier, merci de commencer par vous inscrire \u00e0 la conf\u00e9rence IHM&rsquo;25 (<a href=\"https:\/\/ihm2025.afihm.org\/?inscriptions\">ici<\/a>), puis de nous envoyer un e-mail \u00e0 l&rsquo;adresse : <strong>ipatro.projet@laas.fr<\/strong> . <\/p>\n\n\n\n<p>Votre e-mail doit contenir : <\/p>\n\n\n\n<ul class=\"wp-block-list\">\n<li>Votre nom et pr\u00e9nom<\/li>\n\n\n\n<li>Votre poste actuel et votre affiliation (employeur, universit\u00e9)<\/li>\n\n\n\n<li>Une courte pr\u00e9sentation de votre int\u00e9r\u00eat pour la robotique de t\u00e9l\u00e9pr\u00e9sence<\/li>\n\n\n\n<li>Une adresse e-mail de contact (si diff\u00e9rente de celle utilis\u00e9e pour s&rsquo;inscrire)<\/li>\n<\/ul>\n\n\n\n<p>L&rsquo;un des membres du projet confirmera rapidement votre inscription par retour de mail.<\/p>\n","protected":false},"excerpt":{"rendered":"<p>Workshop IPaTRo : \u00ab\u00a0Innovations et enjeux de la robotique de t\u00e9l\u00e9pr\u00e9sence francophone\u00a0\u00bb Le 4 Novembre 2025, \u00e0 La Cit\u00e9 31400 Toulouse Objectifs de l&rsquo;atelier Cet atelier, qui aura lieu pendant la 36\u00e8me Conf\u00e9rence Internationale Francophone sur l&rsquo;Interaction Humain-Machine, a pour objectif de cr\u00e9er et d\u2019animer un r\u00e9seau francophone autour de la robotique de t\u00e9l\u00e9pr\u00e9sence. Nous [&hellip;]<\/p>\n","protected":false},"author":76,"featured_media":0,"parent":522,"menu_order":0,"comment_status":"closed","ping_status":"closed","template":"","meta":{"footnotes":""},"class_list":["post-464","page","type-page","status-publish","hentry","post"],"_links":{"self":[{"href":"https:\/\/wp.laas.fr\/ipatro\/wp-json\/wp\/v2\/pages\/464","targetHints":{"allow":["GET"]}}],"collection":[{"href":"https:\/\/wp.laas.fr\/ipatro\/wp-json\/wp\/v2\/pages"}],"about":[{"href":"https:\/\/wp.laas.fr\/ipatro\/wp-json\/wp\/v2\/types\/page"}],"author":[{"embeddable":true,"href":"https:\/\/wp.laas.fr\/ipatro\/wp-json\/wp\/v2\/users\/76"}],"replies":[{"embeddable":true,"href":"https:\/\/wp.laas.fr\/ipatro\/wp-json\/wp\/v2\/comments?post=464"}],"version-history":[{"count":20,"href":"https:\/\/wp.laas.fr\/ipatro\/wp-json\/wp\/v2\/pages\/464\/revisions"}],"predecessor-version":[{"id":495,"href":"https:\/\/wp.laas.fr\/ipatro\/wp-json\/wp\/v2\/pages\/464\/revisions\/495"}],"up":[{"embeddable":true,"href":"https:\/\/wp.laas.fr\/ipatro\/wp-json\/wp\/v2\/pages\/522"}],"wp:attachment":[{"href":"https:\/\/wp.laas.fr\/ipatro\/wp-json\/wp\/v2\/media?parent=464"}],"curies":[{"name":"wp","href":"https:\/\/api.w.org\/{rel}","templated":true}]}}

<div style="height:15px" aria-hidden="true" class="wp-block-spacer"></div>



<h2 class="wp-block-heading has-text-align-center"><strong>Workshop IPaTRo : « Innovations et enjeux de la robotique de téléprésence francophone »</strong></h2>



<p class="has-text-align-center">Le <strong>4 Novembre 2025</strong>, à <strong>La Cité</strong> 31400 Toulouse</p>



<div style="height:40px" aria-hidden="true" class="wp-block-spacer"></div>



<h1 class="wp-block-heading">Objectifs de l&rsquo;atelier</h1>



<p>Cet atelier, qui aura lieu pendant la<em> 36ème</em> <em>Conférence Internationale Francophone sur l&rsquo;Interaction Humain-Machine</em>, a pour objectif de créer et d’animer un réseau francophone autour de la robotique de téléprésence. </p>



<p>Nous souhaitons favoriser les échanges et la collaboration entre chercheurs, doctorants, industriels et acteurs aux expertises variées (psychologie, sociologie, informatique, philosophie, robotique, éducation, etc.). </p>



<p>Il s’agit, dans un premier temps, de partager les expériences et projets de chacun et chacune pour obtenir une vision globale des différentes approches méthodologiques, des contextes d’utilisation et des premiers résultats liés à la robotique de téléprésence en France. Ensuite, un temps d’ateliers collaboratifs permettra d’identifier, de débattre et d’approfondir des questions liées à la connectivité, à l’IHM, au sentiment de présence ou encore à l’importance du contexte d’usage et de déploiement de ces technologies.</p>



<div style="height:15px" aria-hidden="true" class="wp-block-spacer"></div>



<h1 class="wp-block-heading">Programme de la journée</h1>



<p><strong>9h : </strong>Accueil</p>



<p><strong>9h15</strong> : Présentation du projet IPATRO</p>



<p><strong>9h30-10h30</strong> : Ice breaker, l’invité spécial</p>



<p><em>Chaque participant formule une ou plusieurs questions liées à la thématique de l’atelier, puis rejoint une équipe de quatre personnes. Tour à tour, chaque membre de l’équipe devient l’«invité spécial» d’un autre groupe qui, pendant quelques minutes, lui pose leurs questions. À la fin de ces tours, chacun aura pu à la fois s’exprimer et découvrir les motivations et expériences des autres.</em></p>



<p><strong>10h30 – 11h00&nbsp;: Pause</strong></p>



<p><strong>11h</strong> : RetEx (20mn + 10mn de questions par intervenant)</p>



<ul class="wp-block-list">
<li><em>Intervenant 1&nbsp;: <strong>Remi Izoulet</strong></em></li>
</ul>



<div class="wp-block-group"><div class="wp-block-group__inner-container is-layout-constrained wp-block-group-is-layout-constrained">
<div class="wp-block-columns is-layout-flex wp-container-core-columns-is-layout-9d6595d7 wp-block-columns-is-layout-flex">
<div class="wp-block-column is-layout-flow wp-block-column-is-layout-flow" style="flex-basis:33.33%"><div class="wp-block-image">
<figure class="alignleft size-full is-resized"><img loading="lazy" decoding="async" width="541" height="699" src="https://wp.laas.fr/ipatro/wp-content/uploads/sites/43/2025/09/Izoulet_Photo-1-3.png" alt="" class="wp-image-491" style="width:198px;height:auto" srcset="https://wp.laas.fr/ipatro/wp-content/uploads/sites/43/2025/09/Izoulet_Photo-1-3.png 541w, https://wp.laas.fr/ipatro/wp-content/uploads/sites/43/2025/09/Izoulet_Photo-1-3-232x300.png 232w" sizes="auto, (max-width: 541px) 100vw, 541px" /></figure>
</div></div>



<div class="wp-block-column is-layout-flow wp-block-column-is-layout-flow" style="flex-basis:66.66%">
<p>Rémi Izoulet est infirmier en pratique avancée au sein de l’équipe mobile de psychiatrie de l’Hôpital des Enfants (CHU de Toulouse) et coordinateur du cursus Infirmier en pratique avancée mention Psychiatrie et santé mentale à l’Université Toulouse III. Membre de la fédération régionale de recherche en psychiatrie d’Occitanie, il développe une expertise sur les enjeux psychopathologiques liés aux parcours pédiatriques et à la parentalité en contexte de maladie. Son activité conjugue soins, recherche et formation. Il mène actuellement une étude observationnelle sur l’usage d’un robot de téléprésence auprès d’enfants en isolement prolongé en hémato-oncologie.</p>
</div>
</div>
</div></div>



<ul class="wp-block-list">
<li><em>Intervenant 2&nbsp;: <strong>Laurent Gallon</strong></em></li>
</ul>



<div class="wp-block-columns is-layout-flex wp-container-core-columns-is-layout-9d6595d7 wp-block-columns-is-layout-flex">
<div class="wp-block-column is-layout-flow wp-block-column-is-layout-flow" style="flex-basis:33.33%">
<figure class="wp-block-image size-full"><img loading="lazy" decoding="async" width="202" height="268" src="https://wp.laas.fr/ipatro/wp-content/uploads/sites/43/2025/09/photo-LG-new-1.png" alt="" class="wp-image-489" /></figure>
</div>



<div class="wp-block-column is-layout-flow wp-block-column-is-layout-flow" style="flex-basis:66.66%">
<p>Laurent Gallon a obtenu sa thèse en 1997 au LAAS-CNRS. Depuis 1998, il est maître de conférences en informatique au laboratoire LIUPPA de l&rsquo;Université de Pau et des Pays de l&rsquo;Adour. Ses recherches portent sur la modélisation et l&rsquo;évaluation quantitative de la sécurité des systèmes, ainsi que sur l&rsquo;éducation du futur (education 4.0). Il s&rsquo;intéresse à la robotique de téléprésence depuis 1996, et a participé et porté plusieurs projets sur le sujet, dont le projet français Telescol (2021-2024) dont l&rsquo;objectif était de faire le suivi et l&rsquo;évaluation le déploiement de 4000 robots de téléprésence dans les établissements scolaires français.</p>
</div>
</div>



<p></p>



<p></p>



<p><strong>12h</strong>&nbsp;: Définition commune des problématiques qui seront débattues l’après-midi</p>



<p><strong>12h30 – 14h</strong>&nbsp;<strong>: Repas</strong></p>



<p><strong>14h</strong>&nbsp;: World café</p>



<p><em>Les participants, répartis en équipes pluridisciplinaires, se déplaceront de table en table pour débattre des problématiques choisies précédemment. Chacun pourra ainsi contribuer à l’ensemble des échanges et enrichir les réflexions.</em></p>



<p><strong>15h30 – 16h</strong>&nbsp;<strong>: Pause</strong></p>



<p><strong>16h </strong>: Synthèse commune du World café</p>



<p><strong>16h30&nbsp;: </strong>Conclusion de la journée</p>



<p><em>Discussion sur les suites à donner à cet atelier, comme la création d’un lieu d’échange et de partage.</em></p>



<p><strong>17h30&nbsp;: Fin du Workshop</strong></p>



<div style="height:15px" aria-hidden="true" class="wp-block-spacer"></div>



<h1 class="wp-block-heading">Prérequis</h1>



<p>Avoir travaillé avec un système robotique de téléprésence ou être intéressé par la thématique.</p>



<div style="height:15px" aria-hidden="true" class="wp-block-spacer"></div>



<h1 class="wp-block-heading">Participer</h1>



<p>Pour s&rsquo;inscrire à l&rsquo;atelier, merci de commencer par vous inscrire à la conférence IHM&rsquo;25 (<a href="https://ihm2025.afihm.org/?inscriptions">ici</a>), puis de nous envoyer un e-mail à l&rsquo;adresse : <strong>ipatro.projet@laas.fr</strong> . </p>



<p>Votre e-mail doit contenir : </p>



<ul class="wp-block-list">
<li>Votre nom et prénom</li>



<li>Votre poste actuel et votre affiliation (employeur, université)</li>



<li>Une courte présentation de votre intérêt pour la robotique de téléprésence</li>



<li>Une adresse e-mail de contact (si différente de celle utilisée pour s&rsquo;inscrire)</li>
</ul>



<p>L&rsquo;un des membres du projet confirmera rapidement votre inscription par retour de mail.</p>

<p>Workshop IPaTRo : « Innovations et enjeux de la robotique de téléprésence francophone » Le 4 Novembre 2025, à La Cité 31400 Toulouse Objectifs de l&rsquo;atelier Cet atelier, qui aura lieu pendant la 36ème Conférence Internationale Francophone sur l&rsquo;Interaction Humain-Machine, a pour objectif de créer et d’animer un réseau francophone autour de la robotique de téléprésence. Nous [&hellip;]</p>
