{"id":99,"date":"2024-12-05T12:45:38","date_gmt":"2024-12-05T12:45:38","guid":{"rendered":"https:\/\/wp.laas.fr\/ecolaas2\/?page_id=99"},"modified":"2024-12-07T18:34:56","modified_gmt":"2024-12-07T18:34:56","slug":"action-entretien-des-espaces-verts-sans-produits-chimiques","status":"publish","type":"page","link":"https:\/\/wp.laas.fr\/ecolaas\/action-entretien-des-espaces-verts-sans-produits-chimiques\/","title":{"rendered":"Entretien des espaces verts sans produits chimiques"},"content":{"rendered":"\n<figure class=\"wp-block-table\"><table class=\"has-background has-fixed-layout\" style=\"background-color:#dfdfdf\"><tbody><tr><td>Le <strong>glyphosate<\/strong> est class\u00e9 depuis le&nbsp;20 mars 2015&nbsp;comme \u00ab&nbsp;probablement canc\u00e9rog\u00e8ne&nbsp;\u00bb par le&nbsp;Centre international de recherche sur le cancer&nbsp;(CIRC), agence de l&rsquo;OMS qui pr\u00e9cise que ce classement est une \u00e9valuation du niveau de preuves du&nbsp;danger&nbsp;engendr\u00e9 par l&rsquo;exposition aux produits \u00e0 base de glyphosate (<a href=\"https:\/\/fr.wikipedia.org\/wiki\/Glyphosate\">https:\/\/fr.wikipedia.org\/wiki\/Glyphosate<\/a>)<\/td><\/tr><\/tbody><\/table><\/figure>\n\n\n<div class=\"wp-block-image\">\n<figure class=\"aligncenter size-large is-resized\"><img loading=\"lazy\" decoding=\"async\" width=\"724\" height=\"1024\" src=\"https:\/\/wp.laas.fr\/ecolaas2\/wp-content\/uploads\/sites\/40\/2024\/12\/entretienEV-724x1024.jpg\" alt=\"\" class=\"wp-image-75\" style=\"width:215px;height:auto\" srcset=\"https:\/\/wp.laas.fr\/ecolaas\/wp-content\/uploads\/sites\/40\/2024\/12\/entretienEV-724x1024.jpg 724w, https:\/\/wp.laas.fr\/ecolaas\/wp-content\/uploads\/sites\/40\/2024\/12\/entretienEV-212x300.jpg 212w, https:\/\/wp.laas.fr\/ecolaas\/wp-content\/uploads\/sites\/40\/2024\/12\/entretienEV-768x1086.jpg 768w, https:\/\/wp.laas.fr\/ecolaas\/wp-content\/uploads\/sites\/40\/2024\/12\/entretienEV.jpg 838w\" sizes=\"auto, (max-width: 724px) 100vw, 724px\" \/><\/figure>\n<\/div>\n\n\n<figure class=\"wp-block-table is-style-stripes\"><table class=\"has-fixed-layout\"><thead><tr><th><\/th><\/tr><\/thead><tbody><tr><td><strong>Contexte<\/strong><\/td><\/tr><tr><td>L&rsquo;utilisation de diff\u00e9rents produits sanitaires dont le glyphosate sur les bordures des voiries et cl\u00f4tures du LAAS est contradictoire avec les b\u00e9n\u00e9fices esp\u00e9r\u00e9s pour la biodiversit\u00e9 en plantant la haie champ\u00eatre.<\/td><\/tr><tr><td><strong>Objectifs<\/strong><\/td><\/tr><tr><td>Ramener de la faune et de la flore sauvage dans les espaces verts du LAAS, avoir un environnement ext\u00e9rieur plus sain pour le personnel et m\u00e9nager la sant\u00e9 des employ\u00e9s de l&rsquo;entreprise d&rsquo;entretien des espaces verts.<\/td><\/tr><tr><td><strong>Indicateur<\/strong><\/td><\/tr><tr><td>Rep\u00e9rage d&rsquo;esp\u00e8ces sauvages, entre autres d&rsquo;orchid\u00e9es.<\/td><\/tr><tr><td><strong>Personnes r\u00e9f\u00e9rentes<\/strong><\/td><\/tr><tr><td>Pierre Lacroix, \u00c9milie Marchand, Karine Isoird \u00e0 Ecolaas. Pierre Temple \u00e0 la Direction. Eric Tasselli pour le contact avec l&rsquo;entreprise prestataire.<\/td><\/tr><tr><td><strong>Mise en \u0153uvre<\/strong><\/td><\/tr><tr><td>Mars 2021 : avenant sign\u00e9 avec l&rsquo;entreprise d&rsquo;entretien des espaces verts : aucun produit phytosanitaire n\u2019est plus utilis\u00e9 sur le site.<\/td><\/tr><tr><td><strong>R\u00e9sultats quantitatifs<\/strong><\/td><\/tr><tr><td>R\u00e9sultats n\u00e9gatifs : le surco\u00fbt de 5700\u20ac\/an justifi\u00e9 par une augmentation du temps de main d\u2019\u0153uvre avec un d\u00e9sherbage thermique ou m\u00e9canique. Tarifs peut-\u00eatre \u00e0 ren\u00e9gocier si on limite les zones de tontes (fauchages tardifs). A suivre \u2026<\/td><\/tr><tr><td><strong>R\u00e9sultats qualitatifs<\/strong><\/td><\/tr><tr><td>mai 2021 : <a href=\"https:\/\/wp.laas.fr\/ecolaas\/decouvrez-les-orchidees-du-laas\/\" data-type=\"page\" data-id=\"104\">5 vari\u00e9t\u00e9s d&rsquo;orchid\u00e9es sauvages<\/a>.<\/td><\/tr><tr><td><strong>Valorisation de cette exp\u00e9rience<\/strong><\/td><\/tr><tr><td>juin 2021 : la DR et l&rsquo;OMP v\u00e9rifient (et \u00e9ventuellement demandent) la non utilisation de glyphosate sur leurs terrains.<\/td><\/tr><\/tbody><tfoot><tr><td><\/td><\/tr><\/tfoot><\/table><\/figure>\n\n\n\n<p><\/p>\n","protected":false},"excerpt":{"rendered":"<p>Le glyphosate est class\u00e9 depuis le&nbsp;20 mars 2015&nbsp;comme \u00ab&nbsp;probablement canc\u00e9rog\u00e8ne&nbsp;\u00bb par le&nbsp;Centre international de recherche sur le cancer&nbsp;(CIRC), agence de l&rsquo;OMS qui pr\u00e9cise que ce classement est une \u00e9valuation du niveau de preuves du&nbsp;danger&nbsp;engendr\u00e9 par l&rsquo;exposition aux produits \u00e0 base de glyphosate (https:\/\/fr.wikipedia.org\/wiki\/Glyphosate) Contexte L&rsquo;utilisation de diff\u00e9rents produits sanitaires dont le glyphosate sur les bordures [&hellip;]<\/p>\n","protected":false},"author":62,"featured_media":0,"parent":0,"menu_order":0,"comment_status":"closed","ping_status":"closed","template":"","meta":{"footnotes":""},"class_list":["post-99","page","type-page","status-publish","hentry","post"],"_links":{"self":[{"href":"https:\/\/wp.laas.fr\/ecolaas\/wp-json\/wp\/v2\/pages\/99","targetHints":{"allow":["GET"]}}],"collection":[{"href":"https:\/\/wp.laas.fr\/ecolaas\/wp-json\/wp\/v2\/pages"}],"about":[{"href":"https:\/\/wp.laas.fr\/ecolaas\/wp-json\/wp\/v2\/types\/page"}],"author":[{"embeddable":true,"href":"https:\/\/wp.laas.fr\/ecolaas\/wp-json\/wp\/v2\/users\/62"}],"replies":[{"embeddable":true,"href":"https:\/\/wp.laas.fr\/ecolaas\/wp-json\/wp\/v2\/comments?post=99"}],"version-history":[{"count":8,"href":"https:\/\/wp.laas.fr\/ecolaas\/wp-json\/wp\/v2\/pages\/99\/revisions"}],"predecessor-version":[{"id":209,"href":"https:\/\/wp.laas.fr\/ecolaas\/wp-json\/wp\/v2\/pages\/99\/revisions\/209"}],"wp:attachment":[{"href":"https:\/\/wp.laas.fr\/ecolaas\/wp-json\/wp\/v2\/media?parent=99"}],"curies":[{"name":"wp","href":"https:\/\/api.w.org\/{rel}","templated":true}]}}