{"id":52,"date":"2024-12-03T16:37:55","date_gmt":"2024-12-03T16:37:55","guid":{"rendered":"https:\/\/wp.laas.fr\/ecolaas2\/?page_id=52"},"modified":"2025-03-25T13:19:52","modified_gmt":"2025-03-25T13:19:52","slug":"accueil","status":"publish","type":"page","link":"https:\/\/wp.laas.fr\/ecolaas\/","title":{"rendered":"Les derni\u00e8res actus"},"content":{"rendered":"\n<p><\/p>\n\n\n<ul class=\"wp-block-latest-posts__list has-dates wp-block-latest-posts\"><li><div class=\"wp-block-latest-posts__featured-image alignleft\"><img loading=\"lazy\" decoding=\"async\" width=\"300\" height=\"247\" src=\"https:\/\/wp.laas.fr\/ecolaas\/wp-content\/uploads\/sites\/40\/2026\/03\/abri-insectes.webp\" class=\"attachment-medium size-medium wp-post-image\" alt=\"\" style=\"max-width:150px;max-height:150px;\" \/><\/div><a class=\"wp-block-latest-posts__post-title\" href=\"https:\/\/wp.laas.fr\/ecolaas\/2026\/03\/23\/actions-biodiversite-campus-belin-24-mars\/\">Actions biodiversit\u00e9 campus Belin 24 mars<\/a><time datetime=\"2026-03-23T09:07:29+00:00\" class=\"wp-block-latest-posts__post-date\">23 mars 2026<\/time><div class=\"wp-block-latest-posts__post-excerpt\">Depuis 2024 le campus Belin b\u00e9n\u00e9ficie d&rsquo;un partenariat avec la Ligue de Protection des Oiseaux (LPO) pour valoriser et am\u00e9liorer l&rsquo;accueil de la biodiversit\u00e9 sur le site.&nbsp; Un inventaire naturaliste\u2026 <a class=\"wp-block-latest-posts__read-more\" href=\"https:\/\/wp.laas.fr\/ecolaas\/2026\/03\/23\/actions-biodiversite-campus-belin-24-mars\/\" rel=\"noopener noreferrer\">Lire la suite<span class=\"screen-reader-text\">\u00a0: Actions biodiversit\u00e9 campus Belin 24 mars<\/span><\/a><\/div><\/li>\n<li><div class=\"wp-block-latest-posts__featured-image alignleft\"><img loading=\"lazy\" decoding=\"async\" width=\"300\" height=\"225\" src=\"https:\/\/wp.laas.fr\/ecolaas\/wp-content\/uploads\/sites\/40\/2026\/03\/bd-parlons-phyto.jpg-300x225.webp\" class=\"attachment-medium size-medium wp-post-image\" alt=\"\" style=\"max-width:150px;max-height:150px;\" srcset=\"https:\/\/wp.laas.fr\/ecolaas\/wp-content\/uploads\/sites\/40\/2026\/03\/bd-parlons-phyto.jpg-300x225.webp 300w, https:\/\/wp.laas.fr\/ecolaas\/wp-content\/uploads\/sites\/40\/2026\/03\/bd-parlons-phyto.jpg-768x576.webp 768w, https:\/\/wp.laas.fr\/ecolaas\/wp-content\/uploads\/sites\/40\/2026\/03\/bd-parlons-phyto.jpg.webp 850w\" sizes=\"auto, (max-width: 300px) 100vw, 300px\" \/><\/div><a class=\"wp-block-latest-posts__post-title\" href=\"https:\/\/wp.laas.fr\/ecolaas\/2026\/03\/23\/une-bd-%f0%9f%92%ac-pour-mieux-comprendre-lusage-des-pesticides-et-leurs-effets-sur-la-sante\/\">Une BD \ud83d\udcac pour mieux comprendre l\u2019usage des pesticides et leurs effets sur la sant\u00e9<\/a><time datetime=\"2026-03-23T09:07:22+00:00\" class=\"wp-block-latest-posts__post-date\">23 mars 2026<\/time><div class=\"wp-block-latest-posts__post-excerpt\">D\u00e9couvrez des explications accessibles et illustr\u00e9es sur les expositions aux pesticides et leurs effets sur la sant\u00e9 en lisant cette BD originale r\u00e9unissant des agriculteurs, des habitants, des professionnels et\u2026 <a class=\"wp-block-latest-posts__read-more\" href=\"https:\/\/wp.laas.fr\/ecolaas\/2026\/03\/23\/une-bd-%f0%9f%92%ac-pour-mieux-comprendre-lusage-des-pesticides-et-leurs-effets-sur-la-sante\/\" rel=\"noopener noreferrer\">Lire la suite<span class=\"screen-reader-text\">\u00a0: Une BD \ud83d\udcac pour mieux comprendre l\u2019usage des pesticides et leurs effets sur la sant\u00e9<\/span><\/a><\/div><\/li>\n<li><div class=\"wp-block-latest-posts__featured-image alignleft\"><img loading=\"lazy\" decoding=\"async\" width=\"211\" height=\"300\" src=\"https:\/\/wp.laas.fr\/ecolaas\/wp-content\/uploads\/sites\/40\/2024\/03\/Bilan2022_vignette-3.png\" class=\"attachment-medium size-medium wp-post-image\" alt=\"\" style=\"max-width:150px;max-height:150px;\" \/><\/div><a class=\"wp-block-latest-posts__post-title\" href=\"https:\/\/wp.laas.fr\/ecolaas\/2026\/03\/23\/enquete-deplacements-domicile-travail-2025\/\">Enqu\u00eate \u00ab\u00a0D\u00e9placements Domicile-Travail 2025\u00a0\u00bb<\/a><time datetime=\"2026-03-23T09:07:11+00:00\" class=\"wp-block-latest-posts__post-date\">23 mars 2026<\/time><div class=\"wp-block-latest-posts__post-excerpt\">Dans le cadre du calcul du bilan GES\u00a02025 du LAAS, vous allez bient\u00f4t \u00eatre sollicit\u00e9 par mail pour r\u00e9pondre \u00e0 une\u00a0courte enqu\u00eate\u00a0en ligne et anonyme\u00a0sur vos d\u00e9placements domicile-travail en 2025,\u2026 <a class=\"wp-block-latest-posts__read-more\" href=\"https:\/\/wp.laas.fr\/ecolaas\/2026\/03\/23\/enquete-deplacements-domicile-travail-2025\/\" rel=\"noopener noreferrer\">Lire la suite<span class=\"screen-reader-text\">\u00a0: Enqu\u00eate \u00ab\u00a0D\u00e9placements Domicile-Travail 2025\u00a0\u00bb<\/span><\/a><\/div><\/li>\n<li><div class=\"wp-block-latest-posts__featured-image alignleft\"><img loading=\"lazy\" decoding=\"async\" width=\"300\" height=\"169\" src=\"https:\/\/wp.laas.fr\/ecolaas\/wp-content\/uploads\/sites\/40\/2026\/03\/colloque-300x169.webp\" class=\"attachment-medium size-medium wp-post-image\" alt=\"\" style=\"max-width:150px;max-height:150px;\" srcset=\"https:\/\/wp.laas.fr\/ecolaas\/wp-content\/uploads\/sites\/40\/2026\/03\/colloque-300x169.webp 300w, https:\/\/wp.laas.fr\/ecolaas\/wp-content\/uploads\/sites\/40\/2026\/03\/colloque-768x432.webp 768w, https:\/\/wp.laas.fr\/ecolaas\/wp-content\/uploads\/sites\/40\/2026\/03\/colloque.webp 1000w\" sizes=\"auto, (max-width: 300px) 100vw, 300px\" \/><\/div><a class=\"wp-block-latest-posts__post-title\" href=\"https:\/\/wp.laas.fr\/ecolaas\/2026\/03\/23\/colloque-ecoconception-et-appel-a-projets\/\">Colloque \u00c9coconception et Appel \u00e0 Projets<\/a><time datetime=\"2026-03-23T09:07:02+00:00\" class=\"wp-block-latest-posts__post-date\">23 mars 2026<\/time><div class=\"wp-block-latest-posts__post-excerpt\">Un colloque sur l&rsquo;\u00e9coconception s&rsquo;est tenu en janvier 2026 : L\u2019\u00e9coconception concerne des recherches focalis\u00e9es sur l\u2019utilisation de tout type de ressource (mat\u00e9riaux, \u00e9nergie, humaines\u2026) tout au long du cycle\u2026 <a class=\"wp-block-latest-posts__read-more\" href=\"https:\/\/wp.laas.fr\/ecolaas\/2026\/03\/23\/colloque-ecoconception-et-appel-a-projets\/\" rel=\"noopener noreferrer\">Lire la suite<span class=\"screen-reader-text\">\u00a0: Colloque \u00c9coconception et Appel \u00e0 Projets<\/span><\/a><\/div><\/li>\n<li><div class=\"wp-block-latest-posts__featured-image alignleft\"><img loading=\"lazy\" decoding=\"async\" width=\"282\" height=\"300\" src=\"https:\/\/wp.laas.fr\/ecolaas\/wp-content\/uploads\/sites\/40\/2026\/03\/CO2-EcoInfo-2-282x300.png\" class=\"attachment-medium size-medium wp-post-image\" alt=\"\" style=\"max-width:150px;max-height:150px;\" srcset=\"https:\/\/wp.laas.fr\/ecolaas\/wp-content\/uploads\/sites\/40\/2026\/03\/CO2-EcoInfo-2-282x300.png 282w, https:\/\/wp.laas.fr\/ecolaas\/wp-content\/uploads\/sites\/40\/2026\/03\/CO2-EcoInfo-2-962x1024.png 962w, https:\/\/wp.laas.fr\/ecolaas\/wp-content\/uploads\/sites\/40\/2026\/03\/CO2-EcoInfo-2-768x817.png 768w, https:\/\/wp.laas.fr\/ecolaas\/wp-content\/uploads\/sites\/40\/2026\/03\/CO2-EcoInfo-2-1444x1536.png 1444w, https:\/\/wp.laas.fr\/ecolaas\/wp-content\/uploads\/sites\/40\/2026\/03\/CO2-EcoInfo-2-1925x2048.png 1925w\" sizes=\"auto, (max-width: 282px) 100vw, 282px\" \/><\/div><a class=\"wp-block-latest-posts__post-title\" href=\"https:\/\/wp.laas.fr\/ecolaas\/2026\/03\/23\/plaquette-ecoinfo\/\">Plaquette EcoInfo !<\/a><time datetime=\"2026-03-23T09:06:52+00:00\" class=\"wp-block-latest-posts__post-date\">23 mars 2026<\/time><div class=\"wp-block-latest-posts__post-excerpt\">Chaque clic, chaque requ\u00eate, chaque ligne de code consomme de l\u2019\u00e9lectricit\u00e9 \u2014 et dans un contexte de crise climatique, le d\u00e9veloppement informatique ne peut plus \u00eatre neutre : il doit\u2026 <a class=\"wp-block-latest-posts__read-more\" href=\"https:\/\/wp.laas.fr\/ecolaas\/2026\/03\/23\/plaquette-ecoinfo\/\" rel=\"noopener noreferrer\">Lire la suite<span class=\"screen-reader-text\">\u00a0: Plaquette EcoInfo !<\/span><\/a><\/div><\/li>\n<li><div class=\"wp-block-latest-posts__featured-image alignleft\"><img loading=\"lazy\" decoding=\"async\" width=\"300\" height=\"98\" src=\"https:\/\/wp.laas.fr\/ecolaas\/wp-content\/uploads\/sites\/40\/2026\/03\/Alt-Impact-300x98.png\" class=\"attachment-medium size-medium wp-post-image\" alt=\"\" style=\"max-width:150px;max-height:150px;\" srcset=\"https:\/\/wp.laas.fr\/ecolaas\/wp-content\/uploads\/sites\/40\/2026\/03\/Alt-Impact-300x98.png 300w, https:\/\/wp.laas.fr\/ecolaas\/wp-content\/uploads\/sites\/40\/2026\/03\/Alt-Impact.png 393w\" sizes=\"auto, (max-width: 300px) 100vw, 300px\" \/><\/div><a class=\"wp-block-latest-posts__post-title\" href=\"https:\/\/wp.laas.fr\/ecolaas\/2026\/03\/23\/colloque-sur-le-projet-alt-impact-le-9-juin-2026-a-14h-en-salle-de-conferences\/\">Colloque sur le Projet Alt IMPACT &#8211; le 9 juin 2026 \u00e0 14h en salle de conf\u00e9rences<\/a><time datetime=\"2026-03-23T09:06:33+00:00\" class=\"wp-block-latest-posts__post-date\">23 mars 2026<\/time><div class=\"wp-block-latest-posts__post-excerpt\">Vous \u00eates curieux de savoir comment se mobiliser pour la sobri\u00e9t\u00e9 num\u00e9rique ? Le LAAS a le plaisir d&rsquo;accueillir un colloque le 9 juin prochain pour pr\u00e9senter le projet Alt\u2026 <a class=\"wp-block-latest-posts__read-more\" href=\"https:\/\/wp.laas.fr\/ecolaas\/2026\/03\/23\/colloque-sur-le-projet-alt-impact-le-9-juin-2026-a-14h-en-salle-de-conferences\/\" rel=\"noopener noreferrer\">Lire la suite<span class=\"screen-reader-text\">\u00a0: Colloque sur le Projet Alt IMPACT &#8211; le 9 juin 2026 \u00e0 14h en salle de conf\u00e9rences<\/span><\/a><\/div><\/li>\n<li><div class=\"wp-block-latest-posts__featured-image alignleft\"><img loading=\"lazy\" decoding=\"async\" width=\"300\" height=\"227\" src=\"https:\/\/wp.laas.fr\/ecolaas\/wp-content\/uploads\/sites\/40\/2026\/03\/Capture-batiment-coeur-300x227.png\" class=\"attachment-medium size-medium wp-post-image\" alt=\"\" style=\"max-width:150px;max-height:150px;\" srcset=\"https:\/\/wp.laas.fr\/ecolaas\/wp-content\/uploads\/sites\/40\/2026\/03\/Capture-batiment-coeur-300x227.png 300w, https:\/\/wp.laas.fr\/ecolaas\/wp-content\/uploads\/sites\/40\/2026\/03\/Capture-batiment-coeur.png 578w\" sizes=\"auto, (max-width: 300px) 100vw, 300px\" \/><\/div><a class=\"wp-block-latest-posts__post-title\" href=\"https:\/\/wp.laas.fr\/ecolaas\/2026\/03\/23\/evolution-du-site-belin-roche\/\">Evolution du site Belin Roche<\/a><time datetime=\"2026-03-23T09:06:14+00:00\" class=\"wp-block-latest-posts__post-date\">23 mars 2026<\/time><div class=\"wp-block-latest-posts__post-excerpt\">Lors du Conseil de Laboratoire du 12 mars 2026, des repr\u00e9sentants de l&rsquo;OMP et de la DR14 sont venus pr\u00e9senter le projet de construction de 2 nouveaux b\u00e2timents dont le\u2026 <a class=\"wp-block-latest-posts__read-more\" href=\"https:\/\/wp.laas.fr\/ecolaas\/2026\/03\/23\/evolution-du-site-belin-roche\/\" rel=\"noopener noreferrer\">Lire la suite<span class=\"screen-reader-text\">\u00a0: Evolution du site Belin Roche<\/span><\/a><\/div><\/li>\n<li><div class=\"wp-block-latest-posts__featured-image alignleft\"><img loading=\"lazy\" decoding=\"async\" width=\"300\" height=\"158\" src=\"https:\/\/wp.laas.fr\/ecolaas\/wp-content\/uploads\/sites\/40\/2025\/02\/Ecolaas_logo-300x158.png\" class=\"attachment-medium size-medium wp-post-image\" alt=\"\" style=\"max-width:150px;max-height:150px;\" srcset=\"https:\/\/wp.laas.fr\/ecolaas\/wp-content\/uploads\/sites\/40\/2025\/02\/Ecolaas_logo-300x158.png 300w, https:\/\/wp.laas.fr\/ecolaas\/wp-content\/uploads\/sites\/40\/2025\/02\/Ecolaas_logo.png 339w\" sizes=\"auto, (max-width: 300px) 100vw, 300px\" \/><\/div><a class=\"wp-block-latest-posts__post-title\" href=\"https:\/\/wp.laas.fr\/ecolaas\/2026\/03\/13\/reunion-ecolaas-du-16-mars-2026\/\">R\u00e9union Ecolaas du 16 mars 2026<\/a><time datetime=\"2026-03-13T09:00:00+00:00\" class=\"wp-block-latest-posts__post-date\">13 mars 2026<\/time><div class=\"wp-block-latest-posts__post-excerpt\">La prochaine r\u00e9union aura lieu \u00e0 13h30 en salle Hourgade et \u00e9galement en visio N\u2019h\u00e9sitez pas \u00e0 vous joindre \u00e0 nous ! L\u2019ordre du jour propos\u00e9 : Dates des prochaines\u2026 <a class=\"wp-block-latest-posts__read-more\" href=\"https:\/\/wp.laas.fr\/ecolaas\/2026\/03\/13\/reunion-ecolaas-du-16-mars-2026\/\" rel=\"noopener noreferrer\">Lire la suite<span class=\"screen-reader-text\">\u00a0: R\u00e9union Ecolaas du 16 mars 2026<\/span><\/a><\/div><\/li>\n<li><div class=\"wp-block-latest-posts__featured-image alignleft\"><img loading=\"lazy\" decoding=\"async\" width=\"300\" height=\"225\" src=\"https:\/\/wp.laas.fr\/ecolaas\/wp-content\/uploads\/sites\/40\/2026\/03\/InAction-300x225.jpg\" class=\"attachment-medium size-medium wp-post-image\" alt=\"\" style=\"max-width:150px;max-height:150px;\" srcset=\"https:\/\/wp.laas.fr\/ecolaas\/wp-content\/uploads\/sites\/40\/2026\/03\/InAction-300x225.jpg 300w, https:\/\/wp.laas.fr\/ecolaas\/wp-content\/uploads\/sites\/40\/2026\/03\/InAction-1024x768.jpg 1024w, https:\/\/wp.laas.fr\/ecolaas\/wp-content\/uploads\/sites\/40\/2026\/03\/InAction-768x576.jpg 768w, https:\/\/wp.laas.fr\/ecolaas\/wp-content\/uploads\/sites\/40\/2026\/03\/InAction-1536x1152.jpg 1536w, https:\/\/wp.laas.fr\/ecolaas\/wp-content\/uploads\/sites\/40\/2026\/03\/InAction.jpg 1600w\" sizes=\"auto, (max-width: 300px) 100vw, 300px\" \/><\/div><a class=\"wp-block-latest-posts__post-title\" href=\"https:\/\/wp.laas.fr\/ecolaas\/2026\/03\/12\/cine-debat-sur-le-documentaire-inaction\/\">Cin\u00e9-d\u00e9bat sur le documentaire : (In)Action<\/a><time datetime=\"2026-03-12T15:19:18+00:00\" class=\"wp-block-latest-posts__post-date\">12 mars 2026<\/time><div class=\"wp-block-latest-posts__post-excerpt\">Le jeudi 12 mars \u00e0 12h45 \u00e0 l&rsquo;ENAC, amphi Bellonte,&nbsp;la chaire Novaero et la Fondation ENAC organisaient un cin\u00e9-d\u00e9bat&nbsp;autour du documentaire \u00ab\u00a0(In)Action\u00a0\u00bb en pr\u00e9sence de son r\u00e9alisateur L\u00e9o Primard. Un\u2026 <a class=\"wp-block-latest-posts__read-more\" href=\"https:\/\/wp.laas.fr\/ecolaas\/2026\/03\/12\/cine-debat-sur-le-documentaire-inaction\/\" rel=\"noopener noreferrer\">Lire la suite<span class=\"screen-reader-text\">\u00a0: Cin\u00e9-d\u00e9bat sur le documentaire : (In)Action<\/span><\/a><\/div><\/li>\n<li><div class=\"wp-block-latest-posts__featured-image alignleft\"><img loading=\"lazy\" decoding=\"async\" width=\"300\" height=\"158\" src=\"https:\/\/wp.laas.fr\/ecolaas\/wp-content\/uploads\/sites\/40\/2025\/02\/Ecolaas_logo-300x158.png\" class=\"attachment-medium size-medium wp-post-image\" alt=\"\" style=\"max-width:150px;max-height:150px;\" srcset=\"https:\/\/wp.laas.fr\/ecolaas\/wp-content\/uploads\/sites\/40\/2025\/02\/Ecolaas_logo-300x158.png 300w, https:\/\/wp.laas.fr\/ecolaas\/wp-content\/uploads\/sites\/40\/2025\/02\/Ecolaas_logo.png 339w\" sizes=\"auto, (max-width: 300px) 100vw, 300px\" \/><\/div><a class=\"wp-block-latest-posts__post-title\" href=\"https:\/\/wp.laas.fr\/ecolaas\/2026\/02\/16\/reunion-ecolaas-du-16-fevrier-2026\/\">R\u00e9union Ecolaas du 16 f\u00e9vrier 2026<\/a><time datetime=\"2026-02-16T11:17:16+00:00\" class=\"wp-block-latest-posts__post-date\">16 f\u00e9vrier 2026<\/time><div class=\"wp-block-latest-posts__post-excerpt\">La prochaine r\u00e9union aura lieu \u00e0 13h30 en salle Hourgade et \u00e9galement en visio N\u2019h\u00e9sitez pas \u00e0 vous joindre \u00e0 nous ! L\u2019ordre du jour propos\u00e9 : Dates des prochaines\u2026 <a class=\"wp-block-latest-posts__read-more\" href=\"https:\/\/wp.laas.fr\/ecolaas\/2026\/02\/16\/reunion-ecolaas-du-16-fevrier-2026\/\" rel=\"noopener noreferrer\">Lire la suite<span class=\"screen-reader-text\">\u00a0: R\u00e9union Ecolaas du 16 f\u00e9vrier 2026<\/span><\/a><\/div><\/li>\n<\/ul>\n\n\n<p><\/p>\n","protected":false},"excerpt":{"rendered":"","protected":false},"author":62,"featured_media":0,"parent":0,"menu_order":0,"comment_status":"closed","ping_status":"closed","template":"","meta":{"footnotes":""},"class_list":["post-52","page","type-page","status-publish","hentry","post"],"_links":{"self":[{"href":"https:\/\/wp.laas.fr\/ecolaas\/wp-json\/wp\/v2\/pages\/52","targetHints":{"allow":["GET"]}}],"collection":[{"href":"https:\/\/wp.laas.fr\/ecolaas\/wp-json\/wp\/v2\/pages"}],"about":[{"href":"https:\/\/wp.laas.fr\/ecolaas\/wp-json\/wp\/v2\/types\/page"}],"author":[{"embeddable":true,"href":"https:\/\/wp.laas.fr\/ecolaas\/wp-json\/wp\/v2\/users\/62"}],"replies":[{"embeddable":true,"href":"https:\/\/wp.laas.fr\/ecolaas\/wp-json\/wp\/v2\/comments?post=52"}],"version-history":[{"count":31,"href":"https:\/\/wp.laas.fr\/ecolaas\/wp-json\/wp\/v2\/pages\/52\/revisions"}],"predecessor-version":[{"id":1917,"href":"https:\/\/wp.laas.fr\/ecolaas\/wp-json\/wp\/v2\/pages\/52\/revisions\/1917"}],"wp:attachment":[{"href":"https:\/\/wp.laas.fr\/ecolaas\/wp-json\/wp\/v2\/media?parent=52"}],"curies":[{"name":"wp","href":"https:\/\/api.w.org\/{rel}","templated":true}]}}