{"id":52,"date":"2024-09-11T01:06:19","date_gmt":"2024-09-10T23:06:19","guid":{"rendered":"https:\/\/wp.laas.fr\/chaireretailresp\/?page_id=52"},"modified":"2025-10-01T18:05:58","modified_gmt":"2025-10-01T16:05:58","slug":"contact","status":"publish","type":"page","link":"https:\/\/wp.laas.fr\/chaireretailresp\/contact\/","title":{"rendered":"Contact"},"content":{"rendered":"\t\t<div data-elementor-type=\"wp-page\" data-elementor-id=\"52\" class=\"elementor elementor-52\">\n\t\t\t\t<div class=\"elementor-element elementor-element-26fd745a e-flex e-con-boxed e-con e-parent\" data-id=\"26fd745a\" data-element_type=\"container\" data-e-type=\"container\">\n\t\t\t\t\t<div class=\"e-con-inner\">\n\t\t\t\t<div class=\"elementor-element elementor-element-48cfb913 elementor-widget elementor-widget-text-editor\" data-id=\"48cfb913\" data-element_type=\"widget\" data-e-type=\"widget\" data-widget_type=\"text-editor.default\">\n\t\t\t\t<div class=\"elementor-widget-container\">\n\t\t\t\t\t\t\t\t\t<div class=\"content clearfix\">\n<div class=\"field field-name-body field-type-text-with-summary field-label-hidden\">\n<div class=\"field-items\">\n<div class=\"field-item even\">\n<div id=\"main\">\n<div class=\"region region-content\">\n<div id=\"block-system-main\" class=\"block block-system\">\n<div class=\"content\">\n<div id=\"node-49\" class=\"node node-page clearfix\">\n<div class=\"content clearfix\">\n<div class=\"field field-name-body field-type-text-with-summary field-label-hidden\">\n<div class=\"field-items\">\n<div class=\"field-item even\">\n<p>Pour conna\u00eetre les stages et projets disponibles et y candidater, contactez:<\/p>\n<ul>\n<li>Sandra Ulrich Ngueveu : ngueveu@laas.fr<\/li>\n<\/ul>\n<p>ou<\/p>\n<ul>\n<li>Fran\u00e7ois Lamothe : flamothe@laas.fr<\/li>\n<\/ul>\n<\/div>\n<\/div>\n<\/div>\n<\/div>\n<\/div>\n<\/div>\n<\/div>\n<\/div>\n<\/div>\n<\/div>\n<\/div>\n<\/div>\n<\/div>\n\n<p>\u00a0<\/p>\n\t\t\t\t\t\t\t\t<\/div>\n\t\t\t\t<\/div>\n\t\t\t\t<div class=\"elementor-element elementor-element-5cf2aec elementor-view-default elementor-position-block-start elementor-mobile-position-block-start elementor-widget elementor-widget-icon-box\" data-id=\"5cf2aec\" data-element_type=\"widget\" data-e-type=\"widget\" data-widget_type=\"icon-box.default\">\n\t\t\t\t<div class=\"elementor-widget-container\">\n\t\t\t\t\t\t\t<div class=\"elementor-icon-box-wrapper\">\n\n\t\t\t\t\t\t<div class=\"elementor-icon-box-icon\">\n\t\t\t\t<a href=\"https:\/\/www.linkedin.com\/company\/chaire-retail-responsable\/?viewAsMember=true\" target=\"_blank\" class=\"elementor-icon\" tabindex=\"-1\">\n\t\t\t\t<svg aria-hidden=\"true\" class=\"e-font-icon-svg e-fab-linkedin\" viewBox=\"0 0 448 512\" xmlns=\"http:\/\/www.w3.org\/2000\/svg\"><path d=\"M416 32H31.9C14.3 32 0 46.5 0 64.3v383.4C0 465.5 14.3 480 31.9 480H416c17.6 0 32-14.5 32-32.3V64.3c0-17.8-14.4-32.3-32-32.3zM135.4 416H69V202.2h66.5V416zm-33.2-243c-21.3 0-38.5-17.3-38.5-38.5S80.9 96 102.2 96c21.2 0 38.5 17.3 38.5 38.5 0 21.3-17.2 38.5-38.5 38.5zm282.1 243h-66.4V312c0-24.8-.5-56.7-34.5-56.7-34.6 0-39.9 27-39.9 54.9V416h-66.4V202.2h63.7v29.2h.9c8.9-16.8 30.6-34.5 62.9-34.5 67.2 0 79.7 44.3 79.7 101.9V416z\"><\/path><\/svg>\t\t\t\t<\/a>\n\t\t\t<\/div>\n\t\t\t\n\t\t\t\t\t\t<div class=\"elementor-icon-box-content\">\n\n\t\t\t\t\n\t\t\t\t\t\t\t\t\t<p class=\"elementor-icon-box-description\">\n\t\t\t\t\t\tRejoignez notre page LinkedIn pour \u00eatre tenu au courant des principaux r\u00e9sultats et avanc\u00e9es de la chaire retail responsable !\t\t\t\t\t<\/p>\n\t\t\t\t\n\t\t\t<\/div>\n\t\t\t\n\t\t<\/div>\n\t\t\t\t\t\t<\/div>\n\t\t\t\t<\/div>\n\t\t\t\t\t<\/div>\n\t\t\t\t<\/div>\n\t\t\t\t<\/div>\n\t\t","protected":false},"excerpt":{"rendered":"<p>Pour conna\u00eetre les stages et projets disponibles et y candidater, contactez: Sandra Ulrich Ngueveu : ngueveu@laas.fr ou Fran\u00e7ois Lamothe : flamothe@laas.fr \u00a0 Rejoignez notre page LinkedIn pour \u00eatre tenu au courant des principaux r\u00e9sultats et avanc\u00e9es de la chaire retail responsable !<\/p>\n","protected":false},"author":20,"featured_media":0,"parent":0,"menu_order":0,"comment_status":"closed","ping_status":"closed","template":"","meta":{"neve_meta_sidebar":"","neve_meta_container":"","neve_meta_enable_content_width":"","neve_meta_content_width":0,"neve_meta_title_alignment":"","neve_meta_author_avatar":"","neve_post_elements_order":"","neve_meta_disable_header":"","neve_meta_disable_footer":"","neve_meta_disable_title":"","footnotes":""},"class_list":["post-52","page","type-page","status-publish","hentry"],"_links":{"self":[{"href":"https:\/\/wp.laas.fr\/chaireretailresp\/wp-json\/wp\/v2\/pages\/52","targetHints":{"allow":["GET"]}}],"collection":[{"href":"https:\/\/wp.laas.fr\/chaireretailresp\/wp-json\/wp\/v2\/pages"}],"about":[{"href":"https:\/\/wp.laas.fr\/chaireretailresp\/wp-json\/wp\/v2\/types\/page"}],"author":[{"embeddable":true,"href":"https:\/\/wp.laas.fr\/chaireretailresp\/wp-json\/wp\/v2\/users\/20"}],"replies":[{"embeddable":true,"href":"https:\/\/wp.laas.fr\/chaireretailresp\/wp-json\/wp\/v2\/comments?post=52"}],"version-history":[{"count":12,"href":"https:\/\/wp.laas.fr\/chaireretailresp\/wp-json\/wp\/v2\/pages\/52\/revisions"}],"predecessor-version":[{"id":740,"href":"https:\/\/wp.laas.fr\/chaireretailresp\/wp-json\/wp\/v2\/pages\/52\/revisions\/740"}],"wp:attachment":[{"href":"https:\/\/wp.laas.fr\/chaireretailresp\/wp-json\/wp\/v2\/media?parent=52"}],"curies":[{"name":"wp","href":"https:\/\/api.w.org\/{rel}","templated":true}]}}

<div data-elementor-type="wp-page" data-elementor-id="52" class="elementor elementor-52">
				<div class="elementor-element elementor-element-26fd745a e-flex e-con-boxed e-con e-parent" data-id="26fd745a" data-element_type="container" data-e-type="container">
					<div class="e-con-inner">
				<div class="elementor-element elementor-element-48cfb913 elementor-widget elementor-widget-text-editor" data-id="48cfb913" data-element_type="widget" data-e-type="widget" data-widget_type="text-editor.default">
				<div class="elementor-widget-container">
									<div class="content clearfix">
<div class="field field-name-body field-type-text-with-summary field-label-hidden">
<div class="field-items">
<div class="field-item even">
<div id="main">
<div class="region region-content">
<div id="block-system-main" class="block block-system">
<div class="content">
<div id="node-49" class="node node-page clearfix">
<div class="content clearfix">
<div class="field field-name-body field-type-text-with-summary field-label-hidden">
<div class="field-items">
<div class="field-item even">
<p>Pour connaître les stages et projets disponibles et y candidater, contactez:</p>
<ul>
<li>Sandra Ulrich Ngueveu : ngueveu@laas.fr</li>
</ul>
<p>ou</p>
<ul>
<li>François Lamothe : flamothe@laas.fr</li>
</ul>
</div>
</div>
</div>
</div>
</div>
</div>
</div>
</div>
</div>
</div>
</div>
</div>
</div>

<p> </p>
								</div>
				</div>
				<div class="elementor-element elementor-element-5cf2aec elementor-view-default elementor-position-block-start elementor-mobile-position-block-start elementor-widget elementor-widget-icon-box" data-id="5cf2aec" data-element_type="widget" data-e-type="widget" data-widget_type="icon-box.default">
				<div class="elementor-widget-container">
							<div class="elementor-icon-box-wrapper">

						<div class="elementor-icon-box-icon">
				<a href="https://www.linkedin.com/company/chaire-retail-responsable/?viewAsMember=true" target="_blank" class="elementor-icon" tabindex="-1">
				<svg aria-hidden="true" class="e-font-icon-svg e-fab-linkedin" viewBox="0 0 448 512" xmlns="http://www.w3.org/2000/svg"><path d="M416 32H31.9C14.3 32 0 46.5 0 64.3v383.4C0 465.5 14.3 480 31.9 480H416c17.6 0 32-14.5 32-32.3V64.3c0-17.8-14.4-32.3-32-32.3zM135.4 416H69V202.2h66.5V416zm-33.2-243c-21.3 0-38.5-17.3-38.5-38.5S80.9 96 102.2 96c21.2 0 38.5 17.3 38.5 38.5 0 21.3-17.2 38.5-38.5 38.5zm282.1 243h-66.4V312c0-24.8-.5-56.7-34.5-56.7-34.6 0-39.9 27-39.9 54.9V416h-66.4V202.2h63.7v29.2h.9c8.9-16.8 30.6-34.5 62.9-34.5 67.2 0 79.7 44.3 79.7 101.9V416z"></path></svg>				</a>
			</div>
			
						<div class="elementor-icon-box-content">

				
									<p class="elementor-icon-box-description">
						Rejoignez notre page LinkedIn pour être tenu au courant des principaux résultats et avancées de la chaire retail responsable !					</p>
				
			</div>
			
		</div>
						</div>
				</div>
					</div>
				</div>
				</div>

<p>Pour connaître les stages et projets disponibles et y candidater, contactez: Sandra Ulrich Ngueveu : ngueveu@laas.fr ou François Lamothe : flamothe@laas.fr   Rejoignez notre page LinkedIn pour être tenu au courant des principaux résultats et avancées de la chaire retail responsable !</p>
