{"id":44,"date":"2024-09-11T01:03:57","date_gmt":"2024-09-10T23:03:57","guid":{"rendered":"https:\/\/wp.laas.fr\/chaireretailresp\/?page_id=44"},"modified":"2026-04-02T09:17:22","modified_gmt":"2026-04-02T07:17:22","slug":"consortium","status":"publish","type":"page","link":"https:\/\/wp.laas.fr\/chaireretailresp\/consortium\/","title":{"rendered":"Contributeurs"},"content":{"rendered":"\t\t<div data-elementor-type=\"wp-page\" data-elementor-id=\"44\" class=\"elementor elementor-44\">\n\t\t\t\t<div class=\"elementor-element elementor-element-45daf6a e-flex e-con-boxed e-con e-parent\" data-id=\"45daf6a\" data-element_type=\"container\" data-e-type=\"container\">\n\t\t\t\t\t<div class=\"e-con-inner\">\n\t\t\t\t<div class=\"elementor-element elementor-element-c9d0366 elementor-widget elementor-widget-text-editor\" data-id=\"c9d0366\" data-element_type=\"widget\" data-e-type=\"widget\" data-widget_type=\"text-editor.default\">\n\t\t\t\t<div class=\"elementor-widget-container\">\n\t\t\t\t\t\t\t\t\t<div class=\"content clearfix\"><div class=\"field field-name-body field-type-text-with-summary field-label-hidden\"><div class=\"field-items\"><div class=\"field-item even\"><p><strong>Actuels<\/strong><\/p><ul><li>Sandra Ulrich Ngueveu, titulaire de la chaire, professeure des universit\u00e9s, LAAS-CNRS, Universit\u00e9 de Toulouse, INP, <a href=\"https:\/\/homepages.laas.fr\/sungueve\/\">profil<\/a><\/li><li>Marie-Jos\u00e9 Huguet, professeure des universit\u00e9s, LAAS-CNRS, Universit\u00e9 de Toulouse, INSA, <a href=\"https:\/\/homepages.laas.fr\/huguet\/drupal\/node\/11\">profil<\/a><\/li><li>Fran\u00e7ois Lamothe, post-doc, LAAS-CNRS, Toulouse-INP, Universit\u00e9 de Toulouse<\/li><li>Th\u00e9o Le Brun, doctorant, LAAS-CNRS, Toulouse-INP, Universit\u00e9 de Toulouse, OneStock<\/li><li>Manuela Giraldo Obando, \u00e9l\u00e8ve ing\u00e9nieure M2 en math\u00e9matiques appliqu\u00e9es \u00e0 Grenoble INP<\/li><\/ul><p><strong>Pr\u00e9c\u00e9dents<\/strong><\/p><ul><li>[2025] Komi-Jules Affeli et Damien Ricci, \u00e9tudiants M2 \u00e9l\u00e8ves ing\u00e9nieurs \u00e0 l&rsquo;ENAC<\/li><li>[2024] Tess Nouy, stagiaire de M2, LAAS-CNRS, INP-ENSEEIHT<\/li><li>[2023-2024] Octave Champy, Christophe Chen, Nicolas\u00a0Drege, Marin Franot, \u00e9tudiants de M2 \u00e0 l&rsquo;INP-ENSEEIHT<\/li><li>[2022-2023]Th\u00e9o Le Brun, ing\u00e9nieur d&rsquo;\u00e9tudes, LAAS-CNRS, Toulouse-INP, Universit\u00e9 de Toulouse\u00a0<\/li><\/ul><\/div><\/div><\/div><\/div>\t\t\t\t\t\t\t\t<\/div>\n\t\t\t\t<\/div>\n\t\t\t\t\t<\/div>\n\t\t\t\t<\/div>\n\t\t\t\t<\/div>\n\t\t","protected":false},"excerpt":{"rendered":"<p>Actuels Sandra Ulrich Ngueveu, titulaire de la chaire, professeure des universit\u00e9s, LAAS-CNRS, Universit\u00e9 de Toulouse, INP, profil Marie-Jos\u00e9 Huguet, professeure des universit\u00e9s, LAAS-CNRS, Universit\u00e9 de Toulouse, INSA, profil Fran\u00e7ois Lamothe, post-doc, LAAS-CNRS, Toulouse-INP, Universit\u00e9 de Toulouse Th\u00e9o Le Brun, doctorant, LAAS-CNRS, Toulouse-INP, Universit\u00e9 de Toulouse, OneStock Manuela Giraldo Obando, \u00e9l\u00e8ve ing\u00e9nieure M2 en math\u00e9matiques appliqu\u00e9es&hellip;&nbsp;<\/p>\n","protected":false},"author":20,"featured_media":0,"parent":0,"menu_order":0,"comment_status":"closed","ping_status":"closed","template":"","meta":{"neve_meta_sidebar":"","neve_meta_container":"","neve_meta_enable_content_width":"","neve_meta_content_width":0,"neve_meta_title_alignment":"","neve_meta_author_avatar":"","neve_post_elements_order":"","neve_meta_disable_header":"","neve_meta_disable_footer":"","neve_meta_disable_title":"","footnotes":""},"class_list":["post-44","page","type-page","status-publish","hentry"],"_links":{"self":[{"href":"https:\/\/wp.laas.fr\/chaireretailresp\/wp-json\/wp\/v2\/pages\/44","targetHints":{"allow":["GET"]}}],"collection":[{"href":"https:\/\/wp.laas.fr\/chaireretailresp\/wp-json\/wp\/v2\/pages"}],"about":[{"href":"https:\/\/wp.laas.fr\/chaireretailresp\/wp-json\/wp\/v2\/types\/page"}],"author":[{"embeddable":true,"href":"https:\/\/wp.laas.fr\/chaireretailresp\/wp-json\/wp\/v2\/users\/20"}],"replies":[{"embeddable":true,"href":"https:\/\/wp.laas.fr\/chaireretailresp\/wp-json\/wp\/v2\/comments?post=44"}],"version-history":[{"count":8,"href":"https:\/\/wp.laas.fr\/chaireretailresp\/wp-json\/wp\/v2\/pages\/44\/revisions"}],"predecessor-version":[{"id":865,"href":"https:\/\/wp.laas.fr\/chaireretailresp\/wp-json\/wp\/v2\/pages\/44\/revisions\/865"}],"wp:attachment":[{"href":"https:\/\/wp.laas.fr\/chaireretailresp\/wp-json\/wp\/v2\/media?parent=44"}],"curies":[{"name":"wp","href":"https:\/\/api.w.org\/{rel}","templated":true}]}}

<div data-elementor-type="wp-page" data-elementor-id="44" class="elementor elementor-44">
				<div class="elementor-element elementor-element-45daf6a e-flex e-con-boxed e-con e-parent" data-id="45daf6a" data-element_type="container" data-e-type="container">
					<div class="e-con-inner">
				<div class="elementor-element elementor-element-c9d0366 elementor-widget elementor-widget-text-editor" data-id="c9d0366" data-element_type="widget" data-e-type="widget" data-widget_type="text-editor.default">
				<div class="elementor-widget-container">
									<div class="content clearfix"><div class="field field-name-body field-type-text-with-summary field-label-hidden"><div class="field-items"><div class="field-item even"><p><strong>Actuels</strong></p><ul><li>Sandra Ulrich Ngueveu, titulaire de la chaire, professeure des universités, LAAS-CNRS, Université de Toulouse, INP, <a href="https://homepages.laas.fr/sungueve/">profil</a></li><li>Marie-José Huguet, professeure des universités, LAAS-CNRS, Université de Toulouse, INSA, <a href="https://homepages.laas.fr/huguet/drupal/node/11">profil</a></li><li>François Lamothe, post-doc, LAAS-CNRS, Toulouse-INP, Université de Toulouse</li><li>Théo Le Brun, doctorant, LAAS-CNRS, Toulouse-INP, Université de Toulouse, OneStock</li><li>Manuela Giraldo Obando, élève ingénieure M2 en mathématiques appliquées à Grenoble INP</li></ul><p><strong>Précédents</strong></p><ul><li>[2025] Komi-Jules Affeli et Damien Ricci, étudiants M2 élèves ingénieurs à l&rsquo;ENAC</li><li>[2024] Tess Nouy, stagiaire de M2, LAAS-CNRS, INP-ENSEEIHT</li><li>[2023-2024] Octave Champy, Christophe Chen, Nicolas Drege, Marin Franot, étudiants de M2 à l&rsquo;INP-ENSEEIHT</li><li>[2022-2023]Théo Le Brun, ingénieur d&rsquo;études, LAAS-CNRS, Toulouse-INP, Université de Toulouse </li></ul></div></div></div></div>								</div>
				</div>
					</div>
				</div>
				</div>

<p>Actuels Sandra Ulrich Ngueveu, titulaire de la chaire, professeure des universités, LAAS-CNRS, Université de Toulouse, INP, profil Marie-José Huguet, professeure des universités, LAAS-CNRS, Université de Toulouse, INSA, profil François Lamothe, post-doc, LAAS-CNRS, Toulouse-INP, Université de Toulouse Théo Le Brun, doctorant, LAAS-CNRS, Toulouse-INP, Université de Toulouse, OneStock Manuela Giraldo Obando, élève ingénieure M2 en mathématiques appliquées&hellip;&nbsp;</p>
